{"id":31874,"date":"2025-09-18T16:16:42","date_gmt":"2025-09-18T14:16:42","guid":{"rendered":"https:\/\/lartisana.vda.it\/?post_type=artigiano&#038;p=31874"},"modified":"2025-09-18T16:18:16","modified_gmt":"2025-09-18T14:18:16","slug":"atelier-du-grand-pere-vaj-piova-silvia","status":"publish","type":"artigiano","link":"https:\/\/lartisana.vda.it\/fr\/artisan\/atelier-du-grand-pere-vaj-piova-silvia\/","title":{"rendered":"ATELIER DU GRAND-P\u00c8RE &#8211; VAJ PIOVA Silvia"},"excerpt":{"rendered":"<p>Atelier du grand-p\u00e8re est un projet n\u00e9 de la passion pour le bois et de l\u2019amour de la famille de Silvia Vaj Piova.<br \/>\nLa figure centrale de cette nouvelle activit\u00e9 est son grand-p\u00e8re : c\u2019est lui le \u201cgrand-p\u00e8re\u201d, le ma\u00eetre qui l\u2019a initi\u00e9e au monde de l\u2019artisanat, tout comme il l\u2019avait fait quelques ann\u00e9es plus t\u00f4t avec son p\u00e8re.<br \/>\nDepuis son enfance, avec ses fr\u00e8res, elle a respir\u00e9 l\u2019atmosph\u00e8re de son atelier, un lieu magique o\u00f9 le bois prend forme.<br \/>\nLes anciennes techniques de sculpture et de tournage que son grand-p\u00e8re lui transmet aujourd\u2019hui constituent la base sur laquelle elle construit cette aventure.<br \/>\nSon intention est de les unir \u00e0 sa propre vision artistique, nourrie par la cr\u00e9ativit\u00e9, pour donner naissance \u00e0 quelque chose de nouveau.<\/p>\n","protected":false},"featured_media":31872,"template":"","meta":{"_acf_changed":false},"luogo-artigiani":[312],"materiale-artigiani":[230],"prodotto-artigiano":[224],"class_list":["post-31874","artigiano","type-artigiano","status-publish","has-post-thumbnail","hentry","luogo-artigiani-chatillon-fr","materiale-artigiani-bois","prodotto-artigiano-scupltures-et-objets-graves"],"acf":[],"yoast_head":"<!-- This site is optimized with the Yoast SEO plugin v27.2 - https:\/\/yoast.com\/product\/yoast-seo-wordpress\/ -->\n<title>ATELIER DU GRAND-P\u00c8RE - VAJ PIOVA Silvia - L&#039;artisana<\/title>\n<meta name=\"robots\" content=\"index, follow, max-snippet:-1, max-image-preview:large, max-video-preview:-1\" \/>\n<link rel=\"canonical\" href=\"https:\/\/lartisana.vda.it\/fr\/artisan\/atelier-du-grand-pere-vaj-piova-silvia\/\" \/>\n<meta property=\"og:locale\" content=\"fr_FR\" \/>\n<meta property=\"og:type\" content=\"article\" \/>\n<meta property=\"og:title\" content=\"ATELIER DU GRAND-P\u00c8RE - VAJ PIOVA Silvia - L&#039;artisana\" \/>\n<meta property=\"og:description\" content=\"Atelier du grand-p\u00e8re est un projet n\u00e9 de la passion pour le bois et de l\u2019amour de la famille de Silvia Vaj Piova. La figure centrale de cette nouvelle activit\u00e9 est son grand-p\u00e8re : c\u2019est lui le \u201cgrand-p\u00e8re\u201d, le ma\u00eetre qui l\u2019a initi\u00e9e au monde de l\u2019artisanat, tout comme il l\u2019avait fait quelques ann\u00e9es plus t\u00f4t avec son p\u00e8re. Depuis son enfance, avec ses fr\u00e8res, elle a respir\u00e9 l\u2019atmosph\u00e8re de son atelier, un lieu magique o\u00f9 le bois prend forme. Les anciennes techniques de sculpture et de tournage que son grand-p\u00e8re lui transmet aujourd\u2019hui constituent la base sur laquelle elle construit cette aventure. Son intention est de les unir \u00e0 sa propre vision artistique, nourrie par la cr\u00e9ativit\u00e9, pour donner naissance \u00e0 quelque chose de nouveau.\" \/>\n<meta property=\"og:url\" content=\"https:\/\/lartisana.vda.it\/fr\/artisan\/atelier-du-grand-pere-vaj-piova-silvia\/\" \/>\n<meta property=\"og:site_name\" content=\"L&#039;artisana\" \/>\n<meta property=\"article:modified_time\" content=\"2025-09-18T14:18:16+00:00\" \/>\n<meta property=\"og:image\" content=\"https:\/\/lartisana.vda.it\/wp-content\/uploads\/2025\/09\/WhatsApp-Image-2025-09-18-at-15.50.55.jpeg\" \/>\n\t<meta property=\"og:image:width\" content=\"1080\" \/>\n\t<meta property=\"og:image:height\" content=\"1080\" \/>\n\t<meta property=\"og:image:type\" content=\"image\/jpeg\" \/>\n<meta name=\"twitter:card\" content=\"summary_large_image\" \/>\n<meta name=\"twitter:label1\" content=\"Dur\u00e9e de lecture estim\u00e9e\" \/>\n\t<meta name=\"twitter:data1\" content=\"1 minute\" \/>\n<script type=\"application\/ld+json\" class=\"yoast-schema-graph\">{\"@context\":\"https:\/\/schema.org\",\"@graph\":[{\"@type\":\"WebPage\",\"@id\":\"https:\/\/lartisana.vda.it\/fr\/artisan\/atelier-du-grand-pere-vaj-piova-silvia\/\",\"url\":\"https:\/\/lartisana.vda.it\/fr\/artisan\/atelier-du-grand-pere-vaj-piova-silvia\/\",\"name\":\"ATELIER DU GRAND-P\u00c8RE - VAJ PIOVA Silvia - L&#039;artisana\",\"isPartOf\":{\"@id\":\"https:\/\/lartisana.vda.it\/fr\/#website\"},\"primaryImageOfPage\":{\"@id\":\"https:\/\/lartisana.vda.it\/fr\/artisan\/atelier-du-grand-pere-vaj-piova-silvia\/#primaryimage\"},\"image\":{\"@id\":\"https:\/\/lartisana.vda.it\/fr\/artisan\/atelier-du-grand-pere-vaj-piova-silvia\/#primaryimage\"},\"thumbnailUrl\":\"https:\/\/lartisana.vda.it\/wp-content\/uploads\/2025\/09\/WhatsApp-Image-2025-09-18-at-15.50.55.jpeg\",\"datePublished\":\"2025-09-18T14:16:42+00:00\",\"dateModified\":\"2025-09-18T14:18:16+00:00\",\"breadcrumb\":{\"@id\":\"https:\/\/lartisana.vda.it\/fr\/artisan\/atelier-du-grand-pere-vaj-piova-silvia\/#breadcrumb\"},\"inLanguage\":\"fr-FR\",\"potentialAction\":[{\"@type\":\"ReadAction\",\"target\":[\"https:\/\/lartisana.vda.it\/fr\/artisan\/atelier-du-grand-pere-vaj-piova-silvia\/\"]}]},{\"@type\":\"ImageObject\",\"inLanguage\":\"fr-FR\",\"@id\":\"https:\/\/lartisana.vda.it\/fr\/artisan\/atelier-du-grand-pere-vaj-piova-silvia\/#primaryimage\",\"url\":\"https:\/\/lartisana.vda.it\/wp-content\/uploads\/2025\/09\/WhatsApp-Image-2025-09-18-at-15.50.55.jpeg\",\"contentUrl\":\"https:\/\/lartisana.vda.it\/wp-content\/uploads\/2025\/09\/WhatsApp-Image-2025-09-18-at-15.50.55.jpeg\",\"width\":1080,\"height\":1080},{\"@type\":\"BreadcrumbList\",\"@id\":\"https:\/\/lartisana.vda.it\/fr\/artisan\/atelier-du-grand-pere-vaj-piova-silvia\/#breadcrumb\",\"itemListElement\":[{\"@type\":\"ListItem\",\"position\":1,\"name\":\"Home\",\"item\":\"https:\/\/lartisana.vda.it\/fr\/\"},{\"@type\":\"ListItem\",\"position\":2,\"name\":\"Artisans\",\"item\":\"https:\/\/lartisana.vda.it\/fr\/artigiani\/\"},{\"@type\":\"ListItem\",\"position\":3,\"name\":\"ATELIER DU GRAND-P\u00c8RE &#8211; VAJ PIOVA Silvia\"}]},{\"@type\":\"WebSite\",\"@id\":\"https:\/\/lartisana.vda.it\/fr\/#website\",\"url\":\"https:\/\/lartisana.vda.it\/fr\/\",\"name\":\"L&#039;artisana\",\"description\":\"\",\"publisher\":{\"@id\":\"https:\/\/lartisana.vda.it\/fr\/#organization\"},\"potentialAction\":[{\"@type\":\"SearchAction\",\"target\":{\"@type\":\"EntryPoint\",\"urlTemplate\":\"https:\/\/lartisana.vda.it\/fr\/?s={search_term_string}\"},\"query-input\":{\"@type\":\"PropertyValueSpecification\",\"valueRequired\":true,\"valueName\":\"search_term_string\"}}],\"inLanguage\":\"fr-FR\"},{\"@type\":\"Organization\",\"@id\":\"https:\/\/lartisana.vda.it\/fr\/#organization\",\"name\":\"L'artisana\",\"url\":\"https:\/\/lartisana.vda.it\/fr\/\",\"logo\":{\"@type\":\"ImageObject\",\"inLanguage\":\"fr-FR\",\"@id\":\"https:\/\/lartisana.vda.it\/fr\/#\/schema\/logo\/image\/\",\"url\":\"https:\/\/lartisana.vda.it\/wp-content\/uploads\/2024\/02\/Logo-lartisana-new.png\",\"contentUrl\":\"https:\/\/lartisana.vda.it\/wp-content\/uploads\/2024\/02\/Logo-lartisana-new.png\",\"width\":245,\"height\":70,\"caption\":\"L'artisana\"},\"image\":{\"@id\":\"https:\/\/lartisana.vda.it\/fr\/#\/schema\/logo\/image\/\"}}]}<\/script>\n<!-- \/ Yoast SEO plugin. -->","yoast_head_json":{"title":"ATELIER DU GRAND-P\u00c8RE - VAJ PIOVA Silvia - L&#039;artisana","robots":{"index":"index","follow":"follow","max-snippet":"max-snippet:-1","max-image-preview":"max-image-preview:large","max-video-preview":"max-video-preview:-1"},"canonical":"https:\/\/lartisana.vda.it\/fr\/artisan\/atelier-du-grand-pere-vaj-piova-silvia\/","og_locale":"fr_FR","og_type":"article","og_title":"ATELIER DU GRAND-P\u00c8RE - VAJ PIOVA Silvia - L&#039;artisana","og_description":"Atelier du grand-p\u00e8re est un projet n\u00e9 de la passion pour le bois et de l\u2019amour de la famille de Silvia Vaj Piova. La figure centrale de cette nouvelle activit\u00e9 est son grand-p\u00e8re : c\u2019est lui le \u201cgrand-p\u00e8re\u201d, le ma\u00eetre qui l\u2019a initi\u00e9e au monde de l\u2019artisanat, tout comme il l\u2019avait fait quelques ann\u00e9es plus t\u00f4t avec son p\u00e8re. Depuis son enfance, avec ses fr\u00e8res, elle a respir\u00e9 l\u2019atmosph\u00e8re de son atelier, un lieu magique o\u00f9 le bois prend forme. Les anciennes techniques de sculpture et de tournage que son grand-p\u00e8re lui transmet aujourd\u2019hui constituent la base sur laquelle elle construit cette aventure. Son intention est de les unir \u00e0 sa propre vision artistique, nourrie par la cr\u00e9ativit\u00e9, pour donner naissance \u00e0 quelque chose de nouveau.","og_url":"https:\/\/lartisana.vda.it\/fr\/artisan\/atelier-du-grand-pere-vaj-piova-silvia\/","og_site_name":"L&#039;artisana","article_modified_time":"2025-09-18T14:18:16+00:00","og_image":[{"width":1080,"height":1080,"url":"https:\/\/lartisana.vda.it\/wp-content\/uploads\/2025\/09\/WhatsApp-Image-2025-09-18-at-15.50.55.jpeg","type":"image\/jpeg"}],"twitter_card":"summary_large_image","twitter_misc":{"Dur\u00e9e de lecture estim\u00e9e":"1 minute"},"schema":{"@context":"https:\/\/schema.org","@graph":[{"@type":"WebPage","@id":"https:\/\/lartisana.vda.it\/fr\/artisan\/atelier-du-grand-pere-vaj-piova-silvia\/","url":"https:\/\/lartisana.vda.it\/fr\/artisan\/atelier-du-grand-pere-vaj-piova-silvia\/","name":"ATELIER DU GRAND-P\u00c8RE - VAJ PIOVA Silvia - L&#039;artisana","isPartOf":{"@id":"https:\/\/lartisana.vda.it\/fr\/#website"},"primaryImageOfPage":{"@id":"https:\/\/lartisana.vda.it\/fr\/artisan\/atelier-du-grand-pere-vaj-piova-silvia\/#primaryimage"},"image":{"@id":"https:\/\/lartisana.vda.it\/fr\/artisan\/atelier-du-grand-pere-vaj-piova-silvia\/#primaryimage"},"thumbnailUrl":"https:\/\/lartisana.vda.it\/wp-content\/uploads\/2025\/09\/WhatsApp-Image-2025-09-18-at-15.50.55.jpeg","datePublished":"2025-09-18T14:16:42+00:00","dateModified":"2025-09-18T14:18:16+00:00","breadcrumb":{"@id":"https:\/\/lartisana.vda.it\/fr\/artisan\/atelier-du-grand-pere-vaj-piova-silvia\/#breadcrumb"},"inLanguage":"fr-FR","potentialAction":[{"@type":"ReadAction","target":["https:\/\/lartisana.vda.it\/fr\/artisan\/atelier-du-grand-pere-vaj-piova-silvia\/"]}]},{"@type":"ImageObject","inLanguage":"fr-FR","@id":"https:\/\/lartisana.vda.it\/fr\/artisan\/atelier-du-grand-pere-vaj-piova-silvia\/#primaryimage","url":"https:\/\/lartisana.vda.it\/wp-content\/uploads\/2025\/09\/WhatsApp-Image-2025-09-18-at-15.50.55.jpeg","contentUrl":"https:\/\/lartisana.vda.it\/wp-content\/uploads\/2025\/09\/WhatsApp-Image-2025-09-18-at-15.50.55.jpeg","width":1080,"height":1080},{"@type":"BreadcrumbList","@id":"https:\/\/lartisana.vda.it\/fr\/artisan\/atelier-du-grand-pere-vaj-piova-silvia\/#breadcrumb","itemListElement":[{"@type":"ListItem","position":1,"name":"Home","item":"https:\/\/lartisana.vda.it\/fr\/"},{"@type":"ListItem","position":2,"name":"Artisans","item":"https:\/\/lartisana.vda.it\/fr\/artigiani\/"},{"@type":"ListItem","position":3,"name":"ATELIER DU GRAND-P\u00c8RE &#8211; VAJ PIOVA Silvia"}]},{"@type":"WebSite","@id":"https:\/\/lartisana.vda.it\/fr\/#website","url":"https:\/\/lartisana.vda.it\/fr\/","name":"L&#039;artisana","description":"","publisher":{"@id":"https:\/\/lartisana.vda.it\/fr\/#organization"},"potentialAction":[{"@type":"SearchAction","target":{"@type":"EntryPoint","urlTemplate":"https:\/\/lartisana.vda.it\/fr\/?s={search_term_string}"},"query-input":{"@type":"PropertyValueSpecification","valueRequired":true,"valueName":"search_term_string"}}],"inLanguage":"fr-FR"},{"@type":"Organization","@id":"https:\/\/lartisana.vda.it\/fr\/#organization","name":"L'artisana","url":"https:\/\/lartisana.vda.it\/fr\/","logo":{"@type":"ImageObject","inLanguage":"fr-FR","@id":"https:\/\/lartisana.vda.it\/fr\/#\/schema\/logo\/image\/","url":"https:\/\/lartisana.vda.it\/wp-content\/uploads\/2024\/02\/Logo-lartisana-new.png","contentUrl":"https:\/\/lartisana.vda.it\/wp-content\/uploads\/2024\/02\/Logo-lartisana-new.png","width":245,"height":70,"caption":"L'artisana"},"image":{"@id":"https:\/\/lartisana.vda.it\/fr\/#\/schema\/logo\/image\/"}}]}},"_links":{"self":[{"href":"https:\/\/lartisana.vda.it\/fr\/wp-json\/wp\/v2\/artigiano\/31874","targetHints":{"allow":["GET"]}}],"collection":[{"href":"https:\/\/lartisana.vda.it\/fr\/wp-json\/wp\/v2\/artigiano"}],"about":[{"href":"https:\/\/lartisana.vda.it\/fr\/wp-json\/wp\/v2\/types\/artigiano"}],"version-history":[{"count":1,"href":"https:\/\/lartisana.vda.it\/fr\/wp-json\/wp\/v2\/artigiano\/31874\/revisions"}],"predecessor-version":[{"id":31875,"href":"https:\/\/lartisana.vda.it\/fr\/wp-json\/wp\/v2\/artigiano\/31874\/revisions\/31875"}],"wp:featuredmedia":[{"embeddable":true,"href":"https:\/\/lartisana.vda.it\/fr\/wp-json\/wp\/v2\/media\/31872"}],"wp:attachment":[{"href":"https:\/\/lartisana.vda.it\/fr\/wp-json\/wp\/v2\/media?parent=31874"}],"wp:term":[{"taxonomy":"luogo-artigiani","embeddable":true,"href":"https:\/\/lartisana.vda.it\/fr\/wp-json\/wp\/v2\/luogo-artigiani?post=31874"},{"taxonomy":"materiale-artigiani","embeddable":true,"href":"https:\/\/lartisana.vda.it\/fr\/wp-json\/wp\/v2\/materiale-artigiani?post=31874"},{"taxonomy":"prodotto-artigiano","embeddable":true,"href":"https:\/\/lartisana.vda.it\/fr\/wp-json\/wp\/v2\/prodotto-artigiano?post=31874"}],"curies":[{"name":"wp","href":"https:\/\/api.w.org\/{rel}","templated":true}]}}

ATELIER DU GRAND-PÈRE &#8211; VAJ PIOVA Silvia

<p>Atelier du grand-père est un projet né de la passion pour le bois et de l’amour de la famille de Silvia Vaj Piova.<br />
La figure centrale de cette nouvelle activité est son grand-père : c’est lui le “grand-père”, le maître qui l’a initiée au monde de l’artisanat, tout comme il l’avait fait quelques années plus tôt avec son père.<br />
Depuis son enfance, avec ses frères, elle a respiré l’atmosphère de son atelier, un lieu magique où le bois prend forme.<br />
Les anciennes techniques de sculpture et de tournage que son grand-père lui transmet aujourd’hui constituent la base sur laquelle elle construit cette aventure.<br />
Son intention est de les unir à sa propre vision artistique, nourrie par la créativité, pour donner naissance à quelque chose de nouveau.</p>

<!-- This site is optimized with the Yoast SEO plugin v27.2 - https://yoast.com/product/yoast-seo-wordpress/ -->
<title>ATELIER DU GRAND-PÈRE - VAJ PIOVA Silvia - L&#039;artisana</title>
<meta name="robots" content="index, follow, max-snippet:-1, max-image-preview:large, max-video-preview:-1" />
<link rel="canonical" href="https://lartisana.vda.it/fr/artisan/atelier-du-grand-pere-vaj-piova-silvia/" />
<meta property="og:locale" content="fr_FR" />
<meta property="og:type" content="article" />
<meta property="og:title" content="ATELIER DU GRAND-PÈRE - VAJ PIOVA Silvia - L&#039;artisana" />
<meta property="og:description" content="Atelier du grand-père est un projet né de la passion pour le bois et de l’amour de la famille de Silvia Vaj Piova. La figure centrale de cette nouvelle activité est son grand-père : c’est lui le “grand-père”, le maître qui l’a initiée au monde de l’artisanat, tout comme il l’avait fait quelques années plus tôt avec son père. Depuis son enfance, avec ses frères, elle a respiré l’atmosphère de son atelier, un lieu magique où le bois prend forme. Les anciennes techniques de sculpture et de tournage que son grand-père lui transmet aujourd’hui constituent la base sur laquelle elle construit cette aventure. Son intention est de les unir à sa propre vision artistique, nourrie par la créativité, pour donner naissance à quelque chose de nouveau." />
<meta property="og:url" content="https://lartisana.vda.it/fr/artisan/atelier-du-grand-pere-vaj-piova-silvia/" />
<meta property="og:site_name" content="L&#039;artisana" />
<meta property="article:modified_time" content="2025-09-18T14:18:16+00:00" />
<meta property="og:image" content="https://lartisana.vda.it/wp-content/uploads/2025/09/WhatsApp-Image-2025-09-18-at-15.50.55.jpeg" />
	<meta property="og:image:width" content="1080" />
	<meta property="og:image:height" content="1080" />
	<meta property="og:image:type" content="image/jpeg" />
<meta name="twitter:card" content="summary_large_image" />
<meta name="twitter:label1" content="Durée de lecture estimée" />
	<meta name="twitter:data1" content="1 minute" />
<script type="application/ld+json" class="yoast-schema-graph">{"@context":"https://schema.org","@graph":[{"@type":"WebPage","@id":"https://lartisana.vda.it/fr/artisan/atelier-du-grand-pere-vaj-piova-silvia/","url":"https://lartisana.vda.it/fr/artisan/atelier-du-grand-pere-vaj-piova-silvia/","name":"ATELIER DU GRAND-PÈRE - VAJ PIOVA Silvia - L&#039;artisana","isPartOf":{"@id":"https://lartisana.vda.it/fr/#website"},"primaryImageOfPage":{"@id":"https://lartisana.vda.it/fr/artisan/atelier-du-grand-pere-vaj-piova-silvia/#primaryimage"},"image":{"@id":"https://lartisana.vda.it/fr/artisan/atelier-du-grand-pere-vaj-piova-silvia/#primaryimage"},"thumbnailUrl":"https://lartisana.vda.it/wp-content/uploads/2025/09/WhatsApp-Image-2025-09-18-at-15.50.55.jpeg","datePublished":"2025-09-18T14:16:42+00:00","dateModified":"2025-09-18T14:18:16+00:00","breadcrumb":{"@id":"https://lartisana.vda.it/fr/artisan/atelier-du-grand-pere-vaj-piova-silvia/#breadcrumb"},"inLanguage":"fr-FR","potentialAction":[{"@type":"ReadAction","target":["https://lartisana.vda.it/fr/artisan/atelier-du-grand-pere-vaj-piova-silvia/"]}]},{"@type":"ImageObject","inLanguage":"fr-FR","@id":"https://lartisana.vda.it/fr/artisan/atelier-du-grand-pere-vaj-piova-silvia/#primaryimage","url":"https://lartisana.vda.it/wp-content/uploads/2025/09/WhatsApp-Image-2025-09-18-at-15.50.55.jpeg","contentUrl":"https://lartisana.vda.it/wp-content/uploads/2025/09/WhatsApp-Image-2025-09-18-at-15.50.55.jpeg","width":1080,"height":1080},{"@type":"BreadcrumbList","@id":"https://lartisana.vda.it/fr/artisan/atelier-du-grand-pere-vaj-piova-silvia/#breadcrumb","itemListElement":[{"@type":"ListItem","position":1,"name":"Home","item":"https://lartisana.vda.it/fr/"},{"@type":"ListItem","position":2,"name":"Artisans","item":"https://lartisana.vda.it/fr/artigiani/"},{"@type":"ListItem","position":3,"name":"ATELIER DU GRAND-PÈRE &#8211; VAJ PIOVA Silvia"}]},{"@type":"WebSite","@id":"https://lartisana.vda.it/fr/#website","url":"https://lartisana.vda.it/fr/","name":"L&#039;artisana","description":"","publisher":{"@id":"https://lartisana.vda.it/fr/#organization"},"potentialAction":[{"@type":"SearchAction","target":{"@type":"EntryPoint","urlTemplate":"https://lartisana.vda.it/fr/?s={search_term_string}"},"query-input":{"@type":"PropertyValueSpecification","valueRequired":true,"valueName":"search_term_string"}}],"inLanguage":"fr-FR"},{"@type":"Organization","@id":"https://lartisana.vda.it/fr/#organization","name":"L'artisana","url":"https://lartisana.vda.it/fr/","logo":{"@type":"ImageObject","inLanguage":"fr-FR","@id":"https://lartisana.vda.it/fr/#/schema/logo/image/","url":"https://lartisana.vda.it/wp-content/uploads/2024/02/Logo-lartisana-new.png","contentUrl":"https://lartisana.vda.it/wp-content/uploads/2024/02/Logo-lartisana-new.png","width":245,"height":70,"caption":"L'artisana"},"image":{"@id":"https://lartisana.vda.it/fr/#/schema/logo/image/"}}]}</script>
<!-- / Yoast SEO plugin. -->

ATELIER DU GRAND-PÈRE - VAJ PIOVA Silvia - L&#039;artisana

Atelier du grand-père est un projet né de la passion pour le bois et de l’amour de la famille de Silvia Vaj Piova. La figure centrale de cette nouvelle activité est son grand-père : c’est lui le “grand-père”, le maître qui l’a initiée au monde de l’artisanat, tout comme il l’avait fait quelques années plus tôt avec son père. Depuis son enfance, avec ses frères, elle a respiré l’atmosphère de son atelier, un lieu magique où le bois prend forme. Les anciennes techniques de sculpture et de tournage que son grand-père lui transmet aujourd’hui constituent la base sur laquelle elle construit cette aventure. Son intention est de les unir à sa propre vision artistique, nourrie par la créativité, pour donner naissance à quelque chose de nouveau.
