{"id":24486,"date":"2024-09-04T09:38:50","date_gmt":"2024-09-04T07:38:50","guid":{"rendered":"https:\/\/lartisana.vda-staging.kotuko.rocks\/artigiano\/bacan-cheillon-herve\/"},"modified":"2025-03-05T12:14:12","modified_gmt":"2025-03-05T11:14:12","slug":"bacan-cheillon-herve","status":"publish","type":"artigiano","link":"https:\/\/lartisana.vda.it\/fr\/artisan\/bacan-cheillon-herve\/","title":{"rendered":"BACAN &#8211; CHEILLON Herv\u00e9"},"excerpt":{"rendered":"<p>L\u2019entreprise Bacan a \u00e9t\u00e9 fond\u00e9e en 2005 lorsque le titulaire Herv\u00e9 Cheillon d\u00e9cida de transformer en une v\u00e9ritable profession  ce qui jusqu\u2019\u00e0 alors ce n\u2019\u00e9tait qu\u2019une passion: le travail du bois.<br \/>\nDepuis lors, Bacan se consacre \u00e0 la r\u00e9alisation et \u00e0 la commercialisation de produits en bois qui vont des objets \u00e0 l\u2019artisanat d\u2019art, du mobilier aux compl\u00e9ments d\u2019ameublement.<br \/>\nBien qu\u2019elle se soit engag\u00e9e sur la voie du professionnalisme, la passion qui l\u2019a accompagn\u00e9 n\u2019a pas chang\u00e9 depuis les premi\u00e8res ann\u00e9es:  l\u2019amour de la tradition, le soin des d\u00e9tails,  l\u2019innovation et la cr\u00e9ativit\u00e9 ont fait gagner \u00e0 sa production une place de choix dans le panorama artisanal local.<\/p>\n","protected":false},"featured_media":28103,"template":"","meta":{"_acf_changed":false},"luogo-artigiani":[302],"materiale-artigiani":[230],"prodotto-artigiano":[222],"class_list":["post-24486","artigiano","type-artigiano","status-publish","has-post-thumbnail","hentry","luogo-artigiani-gignod-fr","materiale-artigiani-bois","prodotto-artigiano-scultures"],"acf":[],"yoast_head":"<!-- This site is optimized with the Yoast SEO plugin v27.2 - https:\/\/yoast.com\/product\/yoast-seo-wordpress\/ -->\n<title>BACAN - CHEILLON Herv\u00e9 - L&#039;artisana<\/title>\n<meta name=\"robots\" content=\"index, follow, max-snippet:-1, max-image-preview:large, max-video-preview:-1\" \/>\n<link rel=\"canonical\" href=\"https:\/\/lartisana.vda.it\/fr\/artisan\/bacan-cheillon-herve\/\" \/>\n<meta property=\"og:locale\" content=\"fr_FR\" \/>\n<meta property=\"og:type\" content=\"article\" \/>\n<meta property=\"og:title\" content=\"BACAN - CHEILLON Herv\u00e9 - L&#039;artisana\" \/>\n<meta property=\"og:description\" content=\"L\u2019entreprise Bacan a \u00e9t\u00e9 fond\u00e9e en 2005 lorsque le titulaire Herv\u00e9 Cheillon d\u00e9cida de transformer en une v\u00e9ritable profession ce qui jusqu\u2019\u00e0 alors ce n\u2019\u00e9tait qu\u2019une passion: le travail du bois. Depuis lors, Bacan se consacre \u00e0 la r\u00e9alisation et \u00e0 la commercialisation de produits en bois qui vont des objets \u00e0 l\u2019artisanat d\u2019art, du mobilier aux compl\u00e9ments d\u2019ameublement. Bien qu\u2019elle se soit engag\u00e9e sur la voie du professionnalisme, la passion qui l\u2019a accompagn\u00e9 n\u2019a pas chang\u00e9 depuis les premi\u00e8res ann\u00e9es: l\u2019amour de la tradition, le soin des d\u00e9tails, l\u2019innovation et la cr\u00e9ativit\u00e9 ont fait gagner \u00e0 sa production une place de choix dans le panorama artisanal local.\" \/>\n<meta property=\"og:url\" content=\"https:\/\/lartisana.vda.it\/fr\/artisan\/bacan-cheillon-herve\/\" \/>\n<meta property=\"og:site_name\" content=\"L&#039;artisana\" \/>\n<meta property=\"article:modified_time\" content=\"2025-03-05T11:14:12+00:00\" \/>\n<meta property=\"og:image\" content=\"https:\/\/lartisana.vda.it\/wp-content\/uploads\/2025\/03\/sito-bacan-1.jpg\" \/>\n\t<meta property=\"og:image:width\" content=\"1080\" \/>\n\t<meta property=\"og:image:height\" content=\"1080\" \/>\n\t<meta property=\"og:image:type\" content=\"image\/jpeg\" \/>\n<meta name=\"twitter:card\" content=\"summary_large_image\" \/>\n<meta name=\"twitter:label1\" content=\"Dur\u00e9e de lecture estim\u00e9e\" \/>\n\t<meta name=\"twitter:data1\" content=\"1 minute\" \/>\n<script type=\"application\/ld+json\" class=\"yoast-schema-graph\">{\"@context\":\"https:\/\/schema.org\",\"@graph\":[{\"@type\":\"WebPage\",\"@id\":\"https:\/\/lartisana.vda.it\/fr\/artisan\/bacan-cheillon-herve\/\",\"url\":\"https:\/\/lartisana.vda.it\/fr\/artisan\/bacan-cheillon-herve\/\",\"name\":\"BACAN - CHEILLON Herv\u00e9 - L&#039;artisana\",\"isPartOf\":{\"@id\":\"https:\/\/lartisana.vda.it\/fr\/#website\"},\"primaryImageOfPage\":{\"@id\":\"https:\/\/lartisana.vda.it\/fr\/artisan\/bacan-cheillon-herve\/#primaryimage\"},\"image\":{\"@id\":\"https:\/\/lartisana.vda.it\/fr\/artisan\/bacan-cheillon-herve\/#primaryimage\"},\"thumbnailUrl\":\"https:\/\/lartisana.vda.it\/wp-content\/uploads\/2025\/03\/sito-bacan-1.jpg\",\"datePublished\":\"2024-09-04T07:38:50+00:00\",\"dateModified\":\"2025-03-05T11:14:12+00:00\",\"breadcrumb\":{\"@id\":\"https:\/\/lartisana.vda.it\/fr\/artisan\/bacan-cheillon-herve\/#breadcrumb\"},\"inLanguage\":\"fr-FR\",\"potentialAction\":[{\"@type\":\"ReadAction\",\"target\":[\"https:\/\/lartisana.vda.it\/fr\/artisan\/bacan-cheillon-herve\/\"]}]},{\"@type\":\"ImageObject\",\"inLanguage\":\"fr-FR\",\"@id\":\"https:\/\/lartisana.vda.it\/fr\/artisan\/bacan-cheillon-herve\/#primaryimage\",\"url\":\"https:\/\/lartisana.vda.it\/wp-content\/uploads\/2025\/03\/sito-bacan-1.jpg\",\"contentUrl\":\"https:\/\/lartisana.vda.it\/wp-content\/uploads\/2025\/03\/sito-bacan-1.jpg\",\"width\":1080,\"height\":1080,\"caption\":\"Bacan Cheillon\"},{\"@type\":\"BreadcrumbList\",\"@id\":\"https:\/\/lartisana.vda.it\/fr\/artisan\/bacan-cheillon-herve\/#breadcrumb\",\"itemListElement\":[{\"@type\":\"ListItem\",\"position\":1,\"name\":\"Home\",\"item\":\"https:\/\/lartisana.vda.it\/fr\/\"},{\"@type\":\"ListItem\",\"position\":2,\"name\":\"Artisans\",\"item\":\"https:\/\/lartisana.vda.it\/fr\/artigiani\/\"},{\"@type\":\"ListItem\",\"position\":3,\"name\":\"BACAN &#8211; CHEILLON Herv\u00e9\"}]},{\"@type\":\"WebSite\",\"@id\":\"https:\/\/lartisana.vda.it\/fr\/#website\",\"url\":\"https:\/\/lartisana.vda.it\/fr\/\",\"name\":\"L&#039;artisana\",\"description\":\"\",\"publisher\":{\"@id\":\"https:\/\/lartisana.vda.it\/fr\/#organization\"},\"potentialAction\":[{\"@type\":\"SearchAction\",\"target\":{\"@type\":\"EntryPoint\",\"urlTemplate\":\"https:\/\/lartisana.vda.it\/fr\/?s={search_term_string}\"},\"query-input\":{\"@type\":\"PropertyValueSpecification\",\"valueRequired\":true,\"valueName\":\"search_term_string\"}}],\"inLanguage\":\"fr-FR\"},{\"@type\":\"Organization\",\"@id\":\"https:\/\/lartisana.vda.it\/fr\/#organization\",\"name\":\"L'artisana\",\"url\":\"https:\/\/lartisana.vda.it\/fr\/\",\"logo\":{\"@type\":\"ImageObject\",\"inLanguage\":\"fr-FR\",\"@id\":\"https:\/\/lartisana.vda.it\/fr\/#\/schema\/logo\/image\/\",\"url\":\"https:\/\/lartisana.vda.it\/wp-content\/uploads\/2024\/02\/Logo-lartisana-new.png\",\"contentUrl\":\"https:\/\/lartisana.vda.it\/wp-content\/uploads\/2024\/02\/Logo-lartisana-new.png\",\"width\":245,\"height\":70,\"caption\":\"L'artisana\"},\"image\":{\"@id\":\"https:\/\/lartisana.vda.it\/fr\/#\/schema\/logo\/image\/\"}}]}<\/script>\n<!-- \/ Yoast SEO plugin. -->","yoast_head_json":{"title":"BACAN - CHEILLON Herv\u00e9 - L&#039;artisana","robots":{"index":"index","follow":"follow","max-snippet":"max-snippet:-1","max-image-preview":"max-image-preview:large","max-video-preview":"max-video-preview:-1"},"canonical":"https:\/\/lartisana.vda.it\/fr\/artisan\/bacan-cheillon-herve\/","og_locale":"fr_FR","og_type":"article","og_title":"BACAN - CHEILLON Herv\u00e9 - L&#039;artisana","og_description":"L\u2019entreprise Bacan a \u00e9t\u00e9 fond\u00e9e en 2005 lorsque le titulaire Herv\u00e9 Cheillon d\u00e9cida de transformer en une v\u00e9ritable profession ce qui jusqu\u2019\u00e0 alors ce n\u2019\u00e9tait qu\u2019une passion: le travail du bois. Depuis lors, Bacan se consacre \u00e0 la r\u00e9alisation et \u00e0 la commercialisation de produits en bois qui vont des objets \u00e0 l\u2019artisanat d\u2019art, du mobilier aux compl\u00e9ments d\u2019ameublement. Bien qu\u2019elle se soit engag\u00e9e sur la voie du professionnalisme, la passion qui l\u2019a accompagn\u00e9 n\u2019a pas chang\u00e9 depuis les premi\u00e8res ann\u00e9es: l\u2019amour de la tradition, le soin des d\u00e9tails, l\u2019innovation et la cr\u00e9ativit\u00e9 ont fait gagner \u00e0 sa production une place de choix dans le panorama artisanal local.","og_url":"https:\/\/lartisana.vda.it\/fr\/artisan\/bacan-cheillon-herve\/","og_site_name":"L&#039;artisana","article_modified_time":"2025-03-05T11:14:12+00:00","og_image":[{"width":1080,"height":1080,"url":"https:\/\/lartisana.vda.it\/wp-content\/uploads\/2025\/03\/sito-bacan-1.jpg","type":"image\/jpeg"}],"twitter_card":"summary_large_image","twitter_misc":{"Dur\u00e9e de lecture estim\u00e9e":"1 minute"},"schema":{"@context":"https:\/\/schema.org","@graph":[{"@type":"WebPage","@id":"https:\/\/lartisana.vda.it\/fr\/artisan\/bacan-cheillon-herve\/","url":"https:\/\/lartisana.vda.it\/fr\/artisan\/bacan-cheillon-herve\/","name":"BACAN - CHEILLON Herv\u00e9 - L&#039;artisana","isPartOf":{"@id":"https:\/\/lartisana.vda.it\/fr\/#website"},"primaryImageOfPage":{"@id":"https:\/\/lartisana.vda.it\/fr\/artisan\/bacan-cheillon-herve\/#primaryimage"},"image":{"@id":"https:\/\/lartisana.vda.it\/fr\/artisan\/bacan-cheillon-herve\/#primaryimage"},"thumbnailUrl":"https:\/\/lartisana.vda.it\/wp-content\/uploads\/2025\/03\/sito-bacan-1.jpg","datePublished":"2024-09-04T07:38:50+00:00","dateModified":"2025-03-05T11:14:12+00:00","breadcrumb":{"@id":"https:\/\/lartisana.vda.it\/fr\/artisan\/bacan-cheillon-herve\/#breadcrumb"},"inLanguage":"fr-FR","potentialAction":[{"@type":"ReadAction","target":["https:\/\/lartisana.vda.it\/fr\/artisan\/bacan-cheillon-herve\/"]}]},{"@type":"ImageObject","inLanguage":"fr-FR","@id":"https:\/\/lartisana.vda.it\/fr\/artisan\/bacan-cheillon-herve\/#primaryimage","url":"https:\/\/lartisana.vda.it\/wp-content\/uploads\/2025\/03\/sito-bacan-1.jpg","contentUrl":"https:\/\/lartisana.vda.it\/wp-content\/uploads\/2025\/03\/sito-bacan-1.jpg","width":1080,"height":1080,"caption":"Bacan Cheillon"},{"@type":"BreadcrumbList","@id":"https:\/\/lartisana.vda.it\/fr\/artisan\/bacan-cheillon-herve\/#breadcrumb","itemListElement":[{"@type":"ListItem","position":1,"name":"Home","item":"https:\/\/lartisana.vda.it\/fr\/"},{"@type":"ListItem","position":2,"name":"Artisans","item":"https:\/\/lartisana.vda.it\/fr\/artigiani\/"},{"@type":"ListItem","position":3,"name":"BACAN &#8211; CHEILLON Herv\u00e9"}]},{"@type":"WebSite","@id":"https:\/\/lartisana.vda.it\/fr\/#website","url":"https:\/\/lartisana.vda.it\/fr\/","name":"L&#039;artisana","description":"","publisher":{"@id":"https:\/\/lartisana.vda.it\/fr\/#organization"},"potentialAction":[{"@type":"SearchAction","target":{"@type":"EntryPoint","urlTemplate":"https:\/\/lartisana.vda.it\/fr\/?s={search_term_string}"},"query-input":{"@type":"PropertyValueSpecification","valueRequired":true,"valueName":"search_term_string"}}],"inLanguage":"fr-FR"},{"@type":"Organization","@id":"https:\/\/lartisana.vda.it\/fr\/#organization","name":"L'artisana","url":"https:\/\/lartisana.vda.it\/fr\/","logo":{"@type":"ImageObject","inLanguage":"fr-FR","@id":"https:\/\/lartisana.vda.it\/fr\/#\/schema\/logo\/image\/","url":"https:\/\/lartisana.vda.it\/wp-content\/uploads\/2024\/02\/Logo-lartisana-new.png","contentUrl":"https:\/\/lartisana.vda.it\/wp-content\/uploads\/2024\/02\/Logo-lartisana-new.png","width":245,"height":70,"caption":"L'artisana"},"image":{"@id":"https:\/\/lartisana.vda.it\/fr\/#\/schema\/logo\/image\/"}}]}},"_links":{"self":[{"href":"https:\/\/lartisana.vda.it\/fr\/wp-json\/wp\/v2\/artigiano\/24486","targetHints":{"allow":["GET"]}}],"collection":[{"href":"https:\/\/lartisana.vda.it\/fr\/wp-json\/wp\/v2\/artigiano"}],"about":[{"href":"https:\/\/lartisana.vda.it\/fr\/wp-json\/wp\/v2\/types\/artigiano"}],"version-history":[{"count":1,"href":"https:\/\/lartisana.vda.it\/fr\/wp-json\/wp\/v2\/artigiano\/24486\/revisions"}],"predecessor-version":[{"id":24488,"href":"https:\/\/lartisana.vda.it\/fr\/wp-json\/wp\/v2\/artigiano\/24486\/revisions\/24488"}],"wp:featuredmedia":[{"embeddable":true,"href":"https:\/\/lartisana.vda.it\/fr\/wp-json\/wp\/v2\/media\/28103"}],"wp:attachment":[{"href":"https:\/\/lartisana.vda.it\/fr\/wp-json\/wp\/v2\/media?parent=24486"}],"wp:term":[{"taxonomy":"luogo-artigiani","embeddable":true,"href":"https:\/\/lartisana.vda.it\/fr\/wp-json\/wp\/v2\/luogo-artigiani?post=24486"},{"taxonomy":"materiale-artigiani","embeddable":true,"href":"https:\/\/lartisana.vda.it\/fr\/wp-json\/wp\/v2\/materiale-artigiani?post=24486"},{"taxonomy":"prodotto-artigiano","embeddable":true,"href":"https:\/\/lartisana.vda.it\/fr\/wp-json\/wp\/v2\/prodotto-artigiano?post=24486"}],"curies":[{"name":"wp","href":"https:\/\/api.w.org\/{rel}","templated":true}]}}

BACAN &#8211; CHEILLON Hervé

<p>L’entreprise Bacan a été fondée en 2005 lorsque le titulaire Hervé Cheillon décida de transformer en une véritable profession  ce qui jusqu’à alors ce n’était qu’une passion: le travail du bois.<br />
Depuis lors, Bacan se consacre à la réalisation et à la commercialisation de produits en bois qui vont des objets à l’artisanat d’art, du mobilier aux compléments d’ameublement.<br />
Bien qu’elle se soit engagée sur la voie du professionnalisme, la passion qui l’a accompagné n’a pas changé depuis les premières années:  l’amour de la tradition, le soin des détails,  l’innovation et la créativité ont fait gagner à sa production une place de choix dans le panorama artisanal local.</p>

<!-- This site is optimized with the Yoast SEO plugin v27.2 - https://yoast.com/product/yoast-seo-wordpress/ -->
<title>BACAN - CHEILLON Hervé - L&#039;artisana</title>
<meta name="robots" content="index, follow, max-snippet:-1, max-image-preview:large, max-video-preview:-1" />
<link rel="canonical" href="https://lartisana.vda.it/fr/artisan/bacan-cheillon-herve/" />
<meta property="og:locale" content="fr_FR" />
<meta property="og:type" content="article" />
<meta property="og:title" content="BACAN - CHEILLON Hervé - L&#039;artisana" />
<meta property="og:description" content="L’entreprise Bacan a été fondée en 2005 lorsque le titulaire Hervé Cheillon décida de transformer en une véritable profession ce qui jusqu’à alors ce n’était qu’une passion: le travail du bois. Depuis lors, Bacan se consacre à la réalisation et à la commercialisation de produits en bois qui vont des objets à l’artisanat d’art, du mobilier aux compléments d’ameublement. Bien qu’elle se soit engagée sur la voie du professionnalisme, la passion qui l’a accompagné n’a pas changé depuis les premières années: l’amour de la tradition, le soin des détails, l’innovation et la créativité ont fait gagner à sa production une place de choix dans le panorama artisanal local." />
<meta property="og:url" content="https://lartisana.vda.it/fr/artisan/bacan-cheillon-herve/" />
<meta property="og:site_name" content="L&#039;artisana" />
<meta property="article:modified_time" content="2025-03-05T11:14:12+00:00" />
<meta property="og:image" content="https://lartisana.vda.it/wp-content/uploads/2025/03/sito-bacan-1.jpg" />
	<meta property="og:image:width" content="1080" />
	<meta property="og:image:height" content="1080" />
	<meta property="og:image:type" content="image/jpeg" />
<meta name="twitter:card" content="summary_large_image" />
<meta name="twitter:label1" content="Durée de lecture estimée" />
	<meta name="twitter:data1" content="1 minute" />
<script type="application/ld+json" class="yoast-schema-graph">{"@context":"https://schema.org","@graph":[{"@type":"WebPage","@id":"https://lartisana.vda.it/fr/artisan/bacan-cheillon-herve/","url":"https://lartisana.vda.it/fr/artisan/bacan-cheillon-herve/","name":"BACAN - CHEILLON Hervé - L&#039;artisana","isPartOf":{"@id":"https://lartisana.vda.it/fr/#website"},"primaryImageOfPage":{"@id":"https://lartisana.vda.it/fr/artisan/bacan-cheillon-herve/#primaryimage"},"image":{"@id":"https://lartisana.vda.it/fr/artisan/bacan-cheillon-herve/#primaryimage"},"thumbnailUrl":"https://lartisana.vda.it/wp-content/uploads/2025/03/sito-bacan-1.jpg","datePublished":"2024-09-04T07:38:50+00:00","dateModified":"2025-03-05T11:14:12+00:00","breadcrumb":{"@id":"https://lartisana.vda.it/fr/artisan/bacan-cheillon-herve/#breadcrumb"},"inLanguage":"fr-FR","potentialAction":[{"@type":"ReadAction","target":["https://lartisana.vda.it/fr/artisan/bacan-cheillon-herve/"]}]},{"@type":"ImageObject","inLanguage":"fr-FR","@id":"https://lartisana.vda.it/fr/artisan/bacan-cheillon-herve/#primaryimage","url":"https://lartisana.vda.it/wp-content/uploads/2025/03/sito-bacan-1.jpg","contentUrl":"https://lartisana.vda.it/wp-content/uploads/2025/03/sito-bacan-1.jpg","width":1080,"height":1080,"caption":"Bacan Cheillon"},{"@type":"BreadcrumbList","@id":"https://lartisana.vda.it/fr/artisan/bacan-cheillon-herve/#breadcrumb","itemListElement":[{"@type":"ListItem","position":1,"name":"Home","item":"https://lartisana.vda.it/fr/"},{"@type":"ListItem","position":2,"name":"Artisans","item":"https://lartisana.vda.it/fr/artigiani/"},{"@type":"ListItem","position":3,"name":"BACAN &#8211; CHEILLON Hervé"}]},{"@type":"WebSite","@id":"https://lartisana.vda.it/fr/#website","url":"https://lartisana.vda.it/fr/","name":"L&#039;artisana","description":"","publisher":{"@id":"https://lartisana.vda.it/fr/#organization"},"potentialAction":[{"@type":"SearchAction","target":{"@type":"EntryPoint","urlTemplate":"https://lartisana.vda.it/fr/?s={search_term_string}"},"query-input":{"@type":"PropertyValueSpecification","valueRequired":true,"valueName":"search_term_string"}}],"inLanguage":"fr-FR"},{"@type":"Organization","@id":"https://lartisana.vda.it/fr/#organization","name":"L'artisana","url":"https://lartisana.vda.it/fr/","logo":{"@type":"ImageObject","inLanguage":"fr-FR","@id":"https://lartisana.vda.it/fr/#/schema/logo/image/","url":"https://lartisana.vda.it/wp-content/uploads/2024/02/Logo-lartisana-new.png","contentUrl":"https://lartisana.vda.it/wp-content/uploads/2024/02/Logo-lartisana-new.png","width":245,"height":70,"caption":"L'artisana"},"image":{"@id":"https://lartisana.vda.it/fr/#/schema/logo/image/"}}]}</script>
<!-- / Yoast SEO plugin. -->

BACAN - CHEILLON Hervé - L&#039;artisana

L’entreprise Bacan a été fondée en 2005 lorsque le titulaire Hervé Cheillon décida de transformer en une véritable profession ce qui jusqu’à alors ce n’était qu’une passion: le travail du bois. Depuis lors, Bacan se consacre à la réalisation et à la commercialisation de produits en bois qui vont des objets à l’artisanat d’art, du mobilier aux compléments d’ameublement. Bien qu’elle se soit engagée sur la voie du professionnalisme, la passion qui l’a accompagné n’a pas changé depuis les premières années: l’amour de la tradition, le soin des détails, l’innovation et la créativité ont fait gagner à sa production une place de choix dans le panorama artisanal local.
