{"id":24480,"date":"2024-09-04T09:37:32","date_gmt":"2024-09-04T07:37:32","guid":{"rendered":"https:\/\/lartisana.vda-staging.kotuko.rocks\/artigiano\/trojer-peter\/"},"modified":"2025-05-05T12:09:09","modified_gmt":"2025-05-05T10:09:09","slug":"trojer-peter","status":"publish","type":"artigiano","link":"https:\/\/lartisana.vda.it\/fr\/artisan\/trojer-peter\/","title":{"rendered":"TROJER Peter"},"excerpt":{"rendered":"<p>Il a manifest\u00e9 tr\u00e8s t\u00f4t une grande aptitude pour le travail manuel, et de fait, une fois ses \u00e9tudes termin\u00e9es, il a d\u00e9cid\u00e9 de devenir charpentier et a ouvert son atelier en 2010. En plus de la menuiserie, Peter a cependant d\u00e9velopp\u00e9 une autre passion, la sculpture. Il s\u2019est form\u00e9 en autodidacte, r\u00e9alisant qu\u2019il peut instinctivement donner des formes harmonieuses \u00e0 un morceau de bois brut. Il a commenc\u00e9 par cr\u00e9er des objets destin\u00e9s uniquement \u00e0 sa propre famille, puis des sculptures destin\u00e9es \u00e0 \u00eatre expos\u00e9es dans les foires locales. Le succ\u00e8s rencontr\u00e9 \u00e0 ces occasions l\u2019a encourag\u00e9 \u00e0 cultiver cette passion pendant son temps libre, en compl\u00e9ment de son travail quotidien de charpentier.<\/p>\n","protected":false},"featured_media":29478,"template":"","meta":{"_acf_changed":false},"luogo-artigiani":[308],"materiale-artigiani":[230],"prodotto-artigiano":[222],"class_list":["post-24480","artigiano","type-artigiano","status-publish","has-post-thumbnail","hentry","luogo-artigiani-courmayeur-fr","materiale-artigiani-bois","prodotto-artigiano-scultures"],"acf":[],"yoast_head":"<!-- This site is optimized with the Yoast SEO plugin v27.2 - https:\/\/yoast.com\/product\/yoast-seo-wordpress\/ -->\n<title>TROJER Peter - L&#039;artisana<\/title>\n<meta name=\"robots\" content=\"index, follow, max-snippet:-1, max-image-preview:large, max-video-preview:-1\" \/>\n<link rel=\"canonical\" href=\"https:\/\/lartisana.vda.it\/fr\/artisan\/trojer-peter\/\" \/>\n<meta property=\"og:locale\" content=\"fr_FR\" \/>\n<meta property=\"og:type\" content=\"article\" \/>\n<meta property=\"og:title\" content=\"TROJER Peter - L&#039;artisana\" \/>\n<meta property=\"og:description\" content=\"Il a manifest\u00e9 tr\u00e8s t\u00f4t une grande aptitude pour le travail manuel, et de fait, une fois ses \u00e9tudes termin\u00e9es, il a d\u00e9cid\u00e9 de devenir charpentier et a ouvert son atelier en 2010. En plus de la menuiserie, Peter a cependant d\u00e9velopp\u00e9 une autre passion, la sculpture. Il s\u2019est form\u00e9 en autodidacte, r\u00e9alisant qu\u2019il peut instinctivement donner des formes harmonieuses \u00e0 un morceau de bois brut. Il a commenc\u00e9 par cr\u00e9er des objets destin\u00e9s uniquement \u00e0 sa propre famille, puis des sculptures destin\u00e9es \u00e0 \u00eatre expos\u00e9es dans les foires locales. Le succ\u00e8s rencontr\u00e9 \u00e0 ces occasions l\u2019a encourag\u00e9 \u00e0 cultiver cette passion pendant son temps libre, en compl\u00e9ment de son travail quotidien de charpentier.\" \/>\n<meta property=\"og:url\" content=\"https:\/\/lartisana.vda.it\/fr\/artisan\/trojer-peter\/\" \/>\n<meta property=\"og:site_name\" content=\"L&#039;artisana\" \/>\n<meta property=\"article:modified_time\" content=\"2025-05-05T10:09:09+00:00\" \/>\n<meta property=\"og:image\" content=\"https:\/\/lartisana.vda.it\/wp-content\/uploads\/2025\/05\/TROJER-per-sito.jpg\" \/>\n\t<meta property=\"og:image:width\" content=\"1920\" \/>\n\t<meta property=\"og:image:height\" content=\"1920\" \/>\n\t<meta property=\"og:image:type\" content=\"image\/jpeg\" \/>\n<meta name=\"twitter:card\" content=\"summary_large_image\" \/>\n<meta name=\"twitter:label1\" content=\"Dur\u00e9e de lecture estim\u00e9e\" \/>\n\t<meta name=\"twitter:data1\" content=\"1 minute\" \/>\n<script type=\"application\/ld+json\" class=\"yoast-schema-graph\">{\"@context\":\"https:\/\/schema.org\",\"@graph\":[{\"@type\":\"WebPage\",\"@id\":\"https:\/\/lartisana.vda.it\/fr\/artisan\/trojer-peter\/\",\"url\":\"https:\/\/lartisana.vda.it\/fr\/artisan\/trojer-peter\/\",\"name\":\"TROJER Peter - L&#039;artisana\",\"isPartOf\":{\"@id\":\"https:\/\/lartisana.vda.it\/fr\/#website\"},\"primaryImageOfPage\":{\"@id\":\"https:\/\/lartisana.vda.it\/fr\/artisan\/trojer-peter\/#primaryimage\"},\"image\":{\"@id\":\"https:\/\/lartisana.vda.it\/fr\/artisan\/trojer-peter\/#primaryimage\"},\"thumbnailUrl\":\"https:\/\/lartisana.vda.it\/wp-content\/uploads\/2025\/05\/TROJER-per-sito.jpg\",\"datePublished\":\"2024-09-04T07:37:32+00:00\",\"dateModified\":\"2025-05-05T10:09:09+00:00\",\"breadcrumb\":{\"@id\":\"https:\/\/lartisana.vda.it\/fr\/artisan\/trojer-peter\/#breadcrumb\"},\"inLanguage\":\"fr-FR\",\"potentialAction\":[{\"@type\":\"ReadAction\",\"target\":[\"https:\/\/lartisana.vda.it\/fr\/artisan\/trojer-peter\/\"]}]},{\"@type\":\"ImageObject\",\"inLanguage\":\"fr-FR\",\"@id\":\"https:\/\/lartisana.vda.it\/fr\/artisan\/trojer-peter\/#primaryimage\",\"url\":\"https:\/\/lartisana.vda.it\/wp-content\/uploads\/2025\/05\/TROJER-per-sito.jpg\",\"contentUrl\":\"https:\/\/lartisana.vda.it\/wp-content\/uploads\/2025\/05\/TROJER-per-sito.jpg\",\"width\":1920,\"height\":1920,\"caption\":\"TROJER Peter\"},{\"@type\":\"BreadcrumbList\",\"@id\":\"https:\/\/lartisana.vda.it\/fr\/artisan\/trojer-peter\/#breadcrumb\",\"itemListElement\":[{\"@type\":\"ListItem\",\"position\":1,\"name\":\"Home\",\"item\":\"https:\/\/lartisana.vda.it\/fr\/\"},{\"@type\":\"ListItem\",\"position\":2,\"name\":\"Artisans\",\"item\":\"https:\/\/lartisana.vda.it\/fr\/artigiani\/\"},{\"@type\":\"ListItem\",\"position\":3,\"name\":\"TROJER Peter\"}]},{\"@type\":\"WebSite\",\"@id\":\"https:\/\/lartisana.vda.it\/fr\/#website\",\"url\":\"https:\/\/lartisana.vda.it\/fr\/\",\"name\":\"L&#039;artisana\",\"description\":\"\",\"publisher\":{\"@id\":\"https:\/\/lartisana.vda.it\/fr\/#organization\"},\"potentialAction\":[{\"@type\":\"SearchAction\",\"target\":{\"@type\":\"EntryPoint\",\"urlTemplate\":\"https:\/\/lartisana.vda.it\/fr\/?s={search_term_string}\"},\"query-input\":{\"@type\":\"PropertyValueSpecification\",\"valueRequired\":true,\"valueName\":\"search_term_string\"}}],\"inLanguage\":\"fr-FR\"},{\"@type\":\"Organization\",\"@id\":\"https:\/\/lartisana.vda.it\/fr\/#organization\",\"name\":\"L'artisana\",\"url\":\"https:\/\/lartisana.vda.it\/fr\/\",\"logo\":{\"@type\":\"ImageObject\",\"inLanguage\":\"fr-FR\",\"@id\":\"https:\/\/lartisana.vda.it\/fr\/#\/schema\/logo\/image\/\",\"url\":\"https:\/\/lartisana.vda.it\/wp-content\/uploads\/2024\/02\/Logo-lartisana-new.png\",\"contentUrl\":\"https:\/\/lartisana.vda.it\/wp-content\/uploads\/2024\/02\/Logo-lartisana-new.png\",\"width\":245,\"height\":70,\"caption\":\"L'artisana\"},\"image\":{\"@id\":\"https:\/\/lartisana.vda.it\/fr\/#\/schema\/logo\/image\/\"}}]}<\/script>\n<!-- \/ Yoast SEO plugin. -->","yoast_head_json":{"title":"TROJER Peter - L&#039;artisana","robots":{"index":"index","follow":"follow","max-snippet":"max-snippet:-1","max-image-preview":"max-image-preview:large","max-video-preview":"max-video-preview:-1"},"canonical":"https:\/\/lartisana.vda.it\/fr\/artisan\/trojer-peter\/","og_locale":"fr_FR","og_type":"article","og_title":"TROJER Peter - L&#039;artisana","og_description":"Il a manifest\u00e9 tr\u00e8s t\u00f4t une grande aptitude pour le travail manuel, et de fait, une fois ses \u00e9tudes termin\u00e9es, il a d\u00e9cid\u00e9 de devenir charpentier et a ouvert son atelier en 2010. En plus de la menuiserie, Peter a cependant d\u00e9velopp\u00e9 une autre passion, la sculpture. Il s\u2019est form\u00e9 en autodidacte, r\u00e9alisant qu\u2019il peut instinctivement donner des formes harmonieuses \u00e0 un morceau de bois brut. Il a commenc\u00e9 par cr\u00e9er des objets destin\u00e9s uniquement \u00e0 sa propre famille, puis des sculptures destin\u00e9es \u00e0 \u00eatre expos\u00e9es dans les foires locales. Le succ\u00e8s rencontr\u00e9 \u00e0 ces occasions l\u2019a encourag\u00e9 \u00e0 cultiver cette passion pendant son temps libre, en compl\u00e9ment de son travail quotidien de charpentier.","og_url":"https:\/\/lartisana.vda.it\/fr\/artisan\/trojer-peter\/","og_site_name":"L&#039;artisana","article_modified_time":"2025-05-05T10:09:09+00:00","og_image":[{"width":1920,"height":1920,"url":"https:\/\/lartisana.vda.it\/wp-content\/uploads\/2025\/05\/TROJER-per-sito.jpg","type":"image\/jpeg"}],"twitter_card":"summary_large_image","twitter_misc":{"Dur\u00e9e de lecture estim\u00e9e":"1 minute"},"schema":{"@context":"https:\/\/schema.org","@graph":[{"@type":"WebPage","@id":"https:\/\/lartisana.vda.it\/fr\/artisan\/trojer-peter\/","url":"https:\/\/lartisana.vda.it\/fr\/artisan\/trojer-peter\/","name":"TROJER Peter - L&#039;artisana","isPartOf":{"@id":"https:\/\/lartisana.vda.it\/fr\/#website"},"primaryImageOfPage":{"@id":"https:\/\/lartisana.vda.it\/fr\/artisan\/trojer-peter\/#primaryimage"},"image":{"@id":"https:\/\/lartisana.vda.it\/fr\/artisan\/trojer-peter\/#primaryimage"},"thumbnailUrl":"https:\/\/lartisana.vda.it\/wp-content\/uploads\/2025\/05\/TROJER-per-sito.jpg","datePublished":"2024-09-04T07:37:32+00:00","dateModified":"2025-05-05T10:09:09+00:00","breadcrumb":{"@id":"https:\/\/lartisana.vda.it\/fr\/artisan\/trojer-peter\/#breadcrumb"},"inLanguage":"fr-FR","potentialAction":[{"@type":"ReadAction","target":["https:\/\/lartisana.vda.it\/fr\/artisan\/trojer-peter\/"]}]},{"@type":"ImageObject","inLanguage":"fr-FR","@id":"https:\/\/lartisana.vda.it\/fr\/artisan\/trojer-peter\/#primaryimage","url":"https:\/\/lartisana.vda.it\/wp-content\/uploads\/2025\/05\/TROJER-per-sito.jpg","contentUrl":"https:\/\/lartisana.vda.it\/wp-content\/uploads\/2025\/05\/TROJER-per-sito.jpg","width":1920,"height":1920,"caption":"TROJER Peter"},{"@type":"BreadcrumbList","@id":"https:\/\/lartisana.vda.it\/fr\/artisan\/trojer-peter\/#breadcrumb","itemListElement":[{"@type":"ListItem","position":1,"name":"Home","item":"https:\/\/lartisana.vda.it\/fr\/"},{"@type":"ListItem","position":2,"name":"Artisans","item":"https:\/\/lartisana.vda.it\/fr\/artigiani\/"},{"@type":"ListItem","position":3,"name":"TROJER Peter"}]},{"@type":"WebSite","@id":"https:\/\/lartisana.vda.it\/fr\/#website","url":"https:\/\/lartisana.vda.it\/fr\/","name":"L&#039;artisana","description":"","publisher":{"@id":"https:\/\/lartisana.vda.it\/fr\/#organization"},"potentialAction":[{"@type":"SearchAction","target":{"@type":"EntryPoint","urlTemplate":"https:\/\/lartisana.vda.it\/fr\/?s={search_term_string}"},"query-input":{"@type":"PropertyValueSpecification","valueRequired":true,"valueName":"search_term_string"}}],"inLanguage":"fr-FR"},{"@type":"Organization","@id":"https:\/\/lartisana.vda.it\/fr\/#organization","name":"L'artisana","url":"https:\/\/lartisana.vda.it\/fr\/","logo":{"@type":"ImageObject","inLanguage":"fr-FR","@id":"https:\/\/lartisana.vda.it\/fr\/#\/schema\/logo\/image\/","url":"https:\/\/lartisana.vda.it\/wp-content\/uploads\/2024\/02\/Logo-lartisana-new.png","contentUrl":"https:\/\/lartisana.vda.it\/wp-content\/uploads\/2024\/02\/Logo-lartisana-new.png","width":245,"height":70,"caption":"L'artisana"},"image":{"@id":"https:\/\/lartisana.vda.it\/fr\/#\/schema\/logo\/image\/"}}]}},"_links":{"self":[{"href":"https:\/\/lartisana.vda.it\/fr\/wp-json\/wp\/v2\/artigiano\/24480","targetHints":{"allow":["GET"]}}],"collection":[{"href":"https:\/\/lartisana.vda.it\/fr\/wp-json\/wp\/v2\/artigiano"}],"about":[{"href":"https:\/\/lartisana.vda.it\/fr\/wp-json\/wp\/v2\/types\/artigiano"}],"version-history":[{"count":1,"href":"https:\/\/lartisana.vda.it\/fr\/wp-json\/wp\/v2\/artigiano\/24480\/revisions"}],"predecessor-version":[{"id":24482,"href":"https:\/\/lartisana.vda.it\/fr\/wp-json\/wp\/v2\/artigiano\/24480\/revisions\/24482"}],"wp:featuredmedia":[{"embeddable":true,"href":"https:\/\/lartisana.vda.it\/fr\/wp-json\/wp\/v2\/media\/29478"}],"wp:attachment":[{"href":"https:\/\/lartisana.vda.it\/fr\/wp-json\/wp\/v2\/media?parent=24480"}],"wp:term":[{"taxonomy":"luogo-artigiani","embeddable":true,"href":"https:\/\/lartisana.vda.it\/fr\/wp-json\/wp\/v2\/luogo-artigiani?post=24480"},{"taxonomy":"materiale-artigiani","embeddable":true,"href":"https:\/\/lartisana.vda.it\/fr\/wp-json\/wp\/v2\/materiale-artigiani?post=24480"},{"taxonomy":"prodotto-artigiano","embeddable":true,"href":"https:\/\/lartisana.vda.it\/fr\/wp-json\/wp\/v2\/prodotto-artigiano?post=24480"}],"curies":[{"name":"wp","href":"https:\/\/api.w.org\/{rel}","templated":true}]}}

<p>Il a manifesté très tôt une grande aptitude pour le travail manuel, et de fait, une fois ses études terminées, il a décidé de devenir charpentier et a ouvert son atelier en 2010. En plus de la menuiserie, Peter a cependant développé une autre passion, la sculpture. Il s’est formé en autodidacte, réalisant qu’il peut instinctivement donner des formes harmonieuses à un morceau de bois brut. Il a commencé par créer des objets destinés uniquement à sa propre famille, puis des sculptures destinées à être exposées dans les foires locales. Le succès rencontré à ces occasions l’a encouragé à cultiver cette passion pendant son temps libre, en complément de son travail quotidien de charpentier.</p>

<!-- This site is optimized with the Yoast SEO plugin v27.2 - https://yoast.com/product/yoast-seo-wordpress/ -->
<title>TROJER Peter - L&#039;artisana</title>
<meta name="robots" content="index, follow, max-snippet:-1, max-image-preview:large, max-video-preview:-1" />
<link rel="canonical" href="https://lartisana.vda.it/fr/artisan/trojer-peter/" />
<meta property="og:locale" content="fr_FR" />
<meta property="og:type" content="article" />
<meta property="og:title" content="TROJER Peter - L&#039;artisana" />
<meta property="og:description" content="Il a manifesté très tôt une grande aptitude pour le travail manuel, et de fait, une fois ses études terminées, il a décidé de devenir charpentier et a ouvert son atelier en 2010. En plus de la menuiserie, Peter a cependant développé une autre passion, la sculpture. Il s’est formé en autodidacte, réalisant qu’il peut instinctivement donner des formes harmonieuses à un morceau de bois brut. Il a commencé par créer des objets destinés uniquement à sa propre famille, puis des sculptures destinées à être exposées dans les foires locales. Le succès rencontré à ces occasions l’a encouragé à cultiver cette passion pendant son temps libre, en complément de son travail quotidien de charpentier." />
<meta property="og:url" content="https://lartisana.vda.it/fr/artisan/trojer-peter/" />
<meta property="og:site_name" content="L&#039;artisana" />
<meta property="article:modified_time" content="2025-05-05T10:09:09+00:00" />
<meta property="og:image" content="https://lartisana.vda.it/wp-content/uploads/2025/05/TROJER-per-sito.jpg" />
	<meta property="og:image:width" content="1920" />
	<meta property="og:image:height" content="1920" />
	<meta property="og:image:type" content="image/jpeg" />
<meta name="twitter:card" content="summary_large_image" />
<meta name="twitter:label1" content="Durée de lecture estimée" />
	<meta name="twitter:data1" content="1 minute" />
<script type="application/ld+json" class="yoast-schema-graph">{"@context":"https://schema.org","@graph":[{"@type":"WebPage","@id":"https://lartisana.vda.it/fr/artisan/trojer-peter/","url":"https://lartisana.vda.it/fr/artisan/trojer-peter/","name":"TROJER Peter - L&#039;artisana","isPartOf":{"@id":"https://lartisana.vda.it/fr/#website"},"primaryImageOfPage":{"@id":"https://lartisana.vda.it/fr/artisan/trojer-peter/#primaryimage"},"image":{"@id":"https://lartisana.vda.it/fr/artisan/trojer-peter/#primaryimage"},"thumbnailUrl":"https://lartisana.vda.it/wp-content/uploads/2025/05/TROJER-per-sito.jpg","datePublished":"2024-09-04T07:37:32+00:00","dateModified":"2025-05-05T10:09:09+00:00","breadcrumb":{"@id":"https://lartisana.vda.it/fr/artisan/trojer-peter/#breadcrumb"},"inLanguage":"fr-FR","potentialAction":[{"@type":"ReadAction","target":["https://lartisana.vda.it/fr/artisan/trojer-peter/"]}]},{"@type":"ImageObject","inLanguage":"fr-FR","@id":"https://lartisana.vda.it/fr/artisan/trojer-peter/#primaryimage","url":"https://lartisana.vda.it/wp-content/uploads/2025/05/TROJER-per-sito.jpg","contentUrl":"https://lartisana.vda.it/wp-content/uploads/2025/05/TROJER-per-sito.jpg","width":1920,"height":1920,"caption":"TROJER Peter"},{"@type":"BreadcrumbList","@id":"https://lartisana.vda.it/fr/artisan/trojer-peter/#breadcrumb","itemListElement":[{"@type":"ListItem","position":1,"name":"Home","item":"https://lartisana.vda.it/fr/"},{"@type":"ListItem","position":2,"name":"Artisans","item":"https://lartisana.vda.it/fr/artigiani/"},{"@type":"ListItem","position":3,"name":"TROJER Peter"}]},{"@type":"WebSite","@id":"https://lartisana.vda.it/fr/#website","url":"https://lartisana.vda.it/fr/","name":"L&#039;artisana","description":"","publisher":{"@id":"https://lartisana.vda.it/fr/#organization"},"potentialAction":[{"@type":"SearchAction","target":{"@type":"EntryPoint","urlTemplate":"https://lartisana.vda.it/fr/?s={search_term_string}"},"query-input":{"@type":"PropertyValueSpecification","valueRequired":true,"valueName":"search_term_string"}}],"inLanguage":"fr-FR"},{"@type":"Organization","@id":"https://lartisana.vda.it/fr/#organization","name":"L'artisana","url":"https://lartisana.vda.it/fr/","logo":{"@type":"ImageObject","inLanguage":"fr-FR","@id":"https://lartisana.vda.it/fr/#/schema/logo/image/","url":"https://lartisana.vda.it/wp-content/uploads/2024/02/Logo-lartisana-new.png","contentUrl":"https://lartisana.vda.it/wp-content/uploads/2024/02/Logo-lartisana-new.png","width":245,"height":70,"caption":"L'artisana"},"image":{"@id":"https://lartisana.vda.it/fr/#/schema/logo/image/"}}]}</script>
<!-- / Yoast SEO plugin. -->

Il a manifesté très tôt une grande aptitude pour le travail manuel, et de fait, une fois ses études terminées, il a décidé de devenir charpentier et a ouvert son atelier en 2010. En plus de la menuiserie, Peter a cependant développé une autre passion, la sculpture. Il s’est formé en autodidacte, réalisant qu’il peut instinctivement donner des formes harmonieuses à un morceau de bois brut. Il a commencé par créer des objets destinés uniquement à sa propre famille, puis des sculptures destinées à être exposées dans les foires locales. Le succès rencontré à ces occasions l’a encouragé à cultiver cette passion pendant son temps libre, en complément de son travail quotidien de charpentier.
