{"id":24399,"date":"2024-09-04T11:39:32","date_gmt":"2024-09-04T09:39:32","guid":{"rendered":"https:\/\/lartisana.vda-staging.kotuko.rocks\/artigiano\/legnoart-caratti-barbara\/"},"modified":"2025-06-05T08:56:59","modified_gmt":"2025-06-05T06:56:59","slug":"legnoart-caratti-barbara","status":"publish","type":"artigiano","link":"https:\/\/lartisana.vda.it\/fr\/artisan\/legnoart-caratti-barbara\/","title":{"rendered":"BARBARA LEGNOART"},"excerpt":{"rendered":"<p>Originaire d&rsquo;Acqui Terme, elle s&rsquo;est install\u00e9e dans la Vall\u00e9e d&rsquo;Aoste pour r\u00e9aliser son r\u00eave : apprendre \u00e0 travailler le bois.<br \/>\nBarbara aime le bois depuis son enfance et le travail de ce mat\u00e9riau a toujours \u00e9t\u00e9 une passion pour elle.<br \/>\nEn 2021, elle a d\u00e9cid\u00e9 d&rsquo;en faire une v\u00e9ritable profession et a donc d\u00e9cid\u00e9 d&rsquo;enseigner dans l&rsquo;atelier d&rsquo;un ma\u00eetre artisan r\u00e9put\u00e9 de la Vall\u00e9e d&rsquo;Aoste gr\u00e2ce au cours de Botteghe Scuola.<br \/>\nCe que Barbara aime dans la sculpture, c&rsquo;est de voir le bois prendre forme : en partant de son imagination, en passant par le bois brut, puis en arrivant aux animaux finis.<\/p>\n","protected":false},"featured_media":29442,"template":"","meta":{"_acf_changed":false},"luogo-artigiani":[278],"materiale-artigiani":[230],"prodotto-artigiano":[222],"class_list":["post-24399","artigiano","type-artigiano","status-publish","has-post-thumbnail","hentry","luogo-artigiani-pont-saint-martin-fr","materiale-artigiani-bois","prodotto-artigiano-scultures"],"acf":[],"yoast_head":"<!-- This site is optimized with the Yoast SEO plugin v27.2 - https:\/\/yoast.com\/product\/yoast-seo-wordpress\/ -->\n<title>BARBARA LEGNOART - L&#039;artisana<\/title>\n<meta name=\"robots\" content=\"index, follow, max-snippet:-1, max-image-preview:large, max-video-preview:-1\" \/>\n<link rel=\"canonical\" href=\"https:\/\/lartisana.vda.it\/fr\/artisan\/legnoart-caratti-barbara\/\" \/>\n<meta property=\"og:locale\" content=\"fr_FR\" \/>\n<meta property=\"og:type\" content=\"article\" \/>\n<meta property=\"og:title\" content=\"BARBARA LEGNOART - L&#039;artisana\" \/>\n<meta property=\"og:description\" content=\"Originaire d&#039;Acqui Terme, elle s&#039;est install\u00e9e dans la Vall\u00e9e d&#039;Aoste pour r\u00e9aliser son r\u00eave : apprendre \u00e0 travailler le bois. Barbara aime le bois depuis son enfance et le travail de ce mat\u00e9riau a toujours \u00e9t\u00e9 une passion pour elle. En 2021, elle a d\u00e9cid\u00e9 d&#039;en faire une v\u00e9ritable profession et a donc d\u00e9cid\u00e9 d&#039;enseigner dans l&#039;atelier d&#039;un ma\u00eetre artisan r\u00e9put\u00e9 de la Vall\u00e9e d&#039;Aoste gr\u00e2ce au cours de Botteghe Scuola. Ce que Barbara aime dans la sculpture, c&#039;est de voir le bois prendre forme : en partant de son imagination, en passant par le bois brut, puis en arrivant aux animaux finis.\" \/>\n<meta property=\"og:url\" content=\"https:\/\/lartisana.vda.it\/fr\/artisan\/legnoart-caratti-barbara\/\" \/>\n<meta property=\"og:site_name\" content=\"L&#039;artisana\" \/>\n<meta property=\"article:modified_time\" content=\"2025-06-05T06:56:59+00:00\" \/>\n<meta property=\"og:image\" content=\"https:\/\/lartisana.vda.it\/wp-content\/uploads\/2025\/05\/CARATTI-per-sito.jpg\" \/>\n\t<meta property=\"og:image:width\" content=\"1920\" \/>\n\t<meta property=\"og:image:height\" content=\"1920\" \/>\n\t<meta property=\"og:image:type\" content=\"image\/jpeg\" \/>\n<meta name=\"twitter:card\" content=\"summary_large_image\" \/>\n<meta name=\"twitter:label1\" content=\"Dur\u00e9e de lecture estim\u00e9e\" \/>\n\t<meta name=\"twitter:data1\" content=\"1 minute\" \/>\n<script type=\"application\/ld+json\" class=\"yoast-schema-graph\">{\"@context\":\"https:\/\/schema.org\",\"@graph\":[{\"@type\":\"WebPage\",\"@id\":\"https:\/\/lartisana.vda.it\/fr\/artisan\/legnoart-caratti-barbara\/\",\"url\":\"https:\/\/lartisana.vda.it\/fr\/artisan\/legnoart-caratti-barbara\/\",\"name\":\"BARBARA LEGNOART - L&#039;artisana\",\"isPartOf\":{\"@id\":\"https:\/\/lartisana.vda.it\/fr\/#website\"},\"primaryImageOfPage\":{\"@id\":\"https:\/\/lartisana.vda.it\/fr\/artisan\/legnoart-caratti-barbara\/#primaryimage\"},\"image\":{\"@id\":\"https:\/\/lartisana.vda.it\/fr\/artisan\/legnoart-caratti-barbara\/#primaryimage\"},\"thumbnailUrl\":\"https:\/\/lartisana.vda.it\/wp-content\/uploads\/2025\/05\/CARATTI-per-sito.jpg\",\"datePublished\":\"2024-09-04T09:39:32+00:00\",\"dateModified\":\"2025-06-05T06:56:59+00:00\",\"breadcrumb\":{\"@id\":\"https:\/\/lartisana.vda.it\/fr\/artisan\/legnoart-caratti-barbara\/#breadcrumb\"},\"inLanguage\":\"fr-FR\",\"potentialAction\":[{\"@type\":\"ReadAction\",\"target\":[\"https:\/\/lartisana.vda.it\/fr\/artisan\/legnoart-caratti-barbara\/\"]}]},{\"@type\":\"ImageObject\",\"inLanguage\":\"fr-FR\",\"@id\":\"https:\/\/lartisana.vda.it\/fr\/artisan\/legnoart-caratti-barbara\/#primaryimage\",\"url\":\"https:\/\/lartisana.vda.it\/wp-content\/uploads\/2025\/05\/CARATTI-per-sito.jpg\",\"contentUrl\":\"https:\/\/lartisana.vda.it\/wp-content\/uploads\/2025\/05\/CARATTI-per-sito.jpg\",\"width\":1920,\"height\":1920,\"caption\":\"CARATTI Barbara LegnoArt\"},{\"@type\":\"BreadcrumbList\",\"@id\":\"https:\/\/lartisana.vda.it\/fr\/artisan\/legnoart-caratti-barbara\/#breadcrumb\",\"itemListElement\":[{\"@type\":\"ListItem\",\"position\":1,\"name\":\"Home\",\"item\":\"https:\/\/lartisana.vda.it\/fr\/\"},{\"@type\":\"ListItem\",\"position\":2,\"name\":\"Artisans\",\"item\":\"https:\/\/lartisana.vda.it\/fr\/artigiani\/\"},{\"@type\":\"ListItem\",\"position\":3,\"name\":\"BARBARA LEGNOART\"}]},{\"@type\":\"WebSite\",\"@id\":\"https:\/\/lartisana.vda.it\/fr\/#website\",\"url\":\"https:\/\/lartisana.vda.it\/fr\/\",\"name\":\"L&#039;artisana\",\"description\":\"\",\"publisher\":{\"@id\":\"https:\/\/lartisana.vda.it\/fr\/#organization\"},\"potentialAction\":[{\"@type\":\"SearchAction\",\"target\":{\"@type\":\"EntryPoint\",\"urlTemplate\":\"https:\/\/lartisana.vda.it\/fr\/?s={search_term_string}\"},\"query-input\":{\"@type\":\"PropertyValueSpecification\",\"valueRequired\":true,\"valueName\":\"search_term_string\"}}],\"inLanguage\":\"fr-FR\"},{\"@type\":\"Organization\",\"@id\":\"https:\/\/lartisana.vda.it\/fr\/#organization\",\"name\":\"L'artisana\",\"url\":\"https:\/\/lartisana.vda.it\/fr\/\",\"logo\":{\"@type\":\"ImageObject\",\"inLanguage\":\"fr-FR\",\"@id\":\"https:\/\/lartisana.vda.it\/fr\/#\/schema\/logo\/image\/\",\"url\":\"https:\/\/lartisana.vda.it\/wp-content\/uploads\/2024\/02\/Logo-lartisana-new.png\",\"contentUrl\":\"https:\/\/lartisana.vda.it\/wp-content\/uploads\/2024\/02\/Logo-lartisana-new.png\",\"width\":245,\"height\":70,\"caption\":\"L'artisana\"},\"image\":{\"@id\":\"https:\/\/lartisana.vda.it\/fr\/#\/schema\/logo\/image\/\"}}]}<\/script>\n<!-- \/ Yoast SEO plugin. -->","yoast_head_json":{"title":"BARBARA LEGNOART - L&#039;artisana","robots":{"index":"index","follow":"follow","max-snippet":"max-snippet:-1","max-image-preview":"max-image-preview:large","max-video-preview":"max-video-preview:-1"},"canonical":"https:\/\/lartisana.vda.it\/fr\/artisan\/legnoart-caratti-barbara\/","og_locale":"fr_FR","og_type":"article","og_title":"BARBARA LEGNOART - L&#039;artisana","og_description":"Originaire d'Acqui Terme, elle s'est install\u00e9e dans la Vall\u00e9e d'Aoste pour r\u00e9aliser son r\u00eave : apprendre \u00e0 travailler le bois. Barbara aime le bois depuis son enfance et le travail de ce mat\u00e9riau a toujours \u00e9t\u00e9 une passion pour elle. En 2021, elle a d\u00e9cid\u00e9 d'en faire une v\u00e9ritable profession et a donc d\u00e9cid\u00e9 d'enseigner dans l'atelier d'un ma\u00eetre artisan r\u00e9put\u00e9 de la Vall\u00e9e d'Aoste gr\u00e2ce au cours de Botteghe Scuola. Ce que Barbara aime dans la sculpture, c'est de voir le bois prendre forme : en partant de son imagination, en passant par le bois brut, puis en arrivant aux animaux finis.","og_url":"https:\/\/lartisana.vda.it\/fr\/artisan\/legnoart-caratti-barbara\/","og_site_name":"L&#039;artisana","article_modified_time":"2025-06-05T06:56:59+00:00","og_image":[{"width":1920,"height":1920,"url":"https:\/\/lartisana.vda.it\/wp-content\/uploads\/2025\/05\/CARATTI-per-sito.jpg","type":"image\/jpeg"}],"twitter_card":"summary_large_image","twitter_misc":{"Dur\u00e9e de lecture estim\u00e9e":"1 minute"},"schema":{"@context":"https:\/\/schema.org","@graph":[{"@type":"WebPage","@id":"https:\/\/lartisana.vda.it\/fr\/artisan\/legnoart-caratti-barbara\/","url":"https:\/\/lartisana.vda.it\/fr\/artisan\/legnoart-caratti-barbara\/","name":"BARBARA LEGNOART - L&#039;artisana","isPartOf":{"@id":"https:\/\/lartisana.vda.it\/fr\/#website"},"primaryImageOfPage":{"@id":"https:\/\/lartisana.vda.it\/fr\/artisan\/legnoart-caratti-barbara\/#primaryimage"},"image":{"@id":"https:\/\/lartisana.vda.it\/fr\/artisan\/legnoart-caratti-barbara\/#primaryimage"},"thumbnailUrl":"https:\/\/lartisana.vda.it\/wp-content\/uploads\/2025\/05\/CARATTI-per-sito.jpg","datePublished":"2024-09-04T09:39:32+00:00","dateModified":"2025-06-05T06:56:59+00:00","breadcrumb":{"@id":"https:\/\/lartisana.vda.it\/fr\/artisan\/legnoart-caratti-barbara\/#breadcrumb"},"inLanguage":"fr-FR","potentialAction":[{"@type":"ReadAction","target":["https:\/\/lartisana.vda.it\/fr\/artisan\/legnoart-caratti-barbara\/"]}]},{"@type":"ImageObject","inLanguage":"fr-FR","@id":"https:\/\/lartisana.vda.it\/fr\/artisan\/legnoart-caratti-barbara\/#primaryimage","url":"https:\/\/lartisana.vda.it\/wp-content\/uploads\/2025\/05\/CARATTI-per-sito.jpg","contentUrl":"https:\/\/lartisana.vda.it\/wp-content\/uploads\/2025\/05\/CARATTI-per-sito.jpg","width":1920,"height":1920,"caption":"CARATTI Barbara LegnoArt"},{"@type":"BreadcrumbList","@id":"https:\/\/lartisana.vda.it\/fr\/artisan\/legnoart-caratti-barbara\/#breadcrumb","itemListElement":[{"@type":"ListItem","position":1,"name":"Home","item":"https:\/\/lartisana.vda.it\/fr\/"},{"@type":"ListItem","position":2,"name":"Artisans","item":"https:\/\/lartisana.vda.it\/fr\/artigiani\/"},{"@type":"ListItem","position":3,"name":"BARBARA LEGNOART"}]},{"@type":"WebSite","@id":"https:\/\/lartisana.vda.it\/fr\/#website","url":"https:\/\/lartisana.vda.it\/fr\/","name":"L&#039;artisana","description":"","publisher":{"@id":"https:\/\/lartisana.vda.it\/fr\/#organization"},"potentialAction":[{"@type":"SearchAction","target":{"@type":"EntryPoint","urlTemplate":"https:\/\/lartisana.vda.it\/fr\/?s={search_term_string}"},"query-input":{"@type":"PropertyValueSpecification","valueRequired":true,"valueName":"search_term_string"}}],"inLanguage":"fr-FR"},{"@type":"Organization","@id":"https:\/\/lartisana.vda.it\/fr\/#organization","name":"L'artisana","url":"https:\/\/lartisana.vda.it\/fr\/","logo":{"@type":"ImageObject","inLanguage":"fr-FR","@id":"https:\/\/lartisana.vda.it\/fr\/#\/schema\/logo\/image\/","url":"https:\/\/lartisana.vda.it\/wp-content\/uploads\/2024\/02\/Logo-lartisana-new.png","contentUrl":"https:\/\/lartisana.vda.it\/wp-content\/uploads\/2024\/02\/Logo-lartisana-new.png","width":245,"height":70,"caption":"L'artisana"},"image":{"@id":"https:\/\/lartisana.vda.it\/fr\/#\/schema\/logo\/image\/"}}]}},"_links":{"self":[{"href":"https:\/\/lartisana.vda.it\/fr\/wp-json\/wp\/v2\/artigiano\/24399","targetHints":{"allow":["GET"]}}],"collection":[{"href":"https:\/\/lartisana.vda.it\/fr\/wp-json\/wp\/v2\/artigiano"}],"about":[{"href":"https:\/\/lartisana.vda.it\/fr\/wp-json\/wp\/v2\/types\/artigiano"}],"version-history":[{"count":3,"href":"https:\/\/lartisana.vda.it\/fr\/wp-json\/wp\/v2\/artigiano\/24399\/revisions"}],"predecessor-version":[{"id":30184,"href":"https:\/\/lartisana.vda.it\/fr\/wp-json\/wp\/v2\/artigiano\/24399\/revisions\/30184"}],"wp:featuredmedia":[{"embeddable":true,"href":"https:\/\/lartisana.vda.it\/fr\/wp-json\/wp\/v2\/media\/29442"}],"wp:attachment":[{"href":"https:\/\/lartisana.vda.it\/fr\/wp-json\/wp\/v2\/media?parent=24399"}],"wp:term":[{"taxonomy":"luogo-artigiani","embeddable":true,"href":"https:\/\/lartisana.vda.it\/fr\/wp-json\/wp\/v2\/luogo-artigiani?post=24399"},{"taxonomy":"materiale-artigiani","embeddable":true,"href":"https:\/\/lartisana.vda.it\/fr\/wp-json\/wp\/v2\/materiale-artigiani?post=24399"},{"taxonomy":"prodotto-artigiano","embeddable":true,"href":"https:\/\/lartisana.vda.it\/fr\/wp-json\/wp\/v2\/prodotto-artigiano?post=24399"}],"curies":[{"name":"wp","href":"https:\/\/api.w.org\/{rel}","templated":true}]}}

<p>Originaire d&rsquo;Acqui Terme, elle s&rsquo;est installée dans la Vallée d&rsquo;Aoste pour réaliser son rêve : apprendre à travailler le bois.<br />
Barbara aime le bois depuis son enfance et le travail de ce matériau a toujours été une passion pour elle.<br />
En 2021, elle a décidé d&rsquo;en faire une véritable profession et a donc décidé d&rsquo;enseigner dans l&rsquo;atelier d&rsquo;un maître artisan réputé de la Vallée d&rsquo;Aoste grâce au cours de Botteghe Scuola.<br />
Ce que Barbara aime dans la sculpture, c&rsquo;est de voir le bois prendre forme : en partant de son imagination, en passant par le bois brut, puis en arrivant aux animaux finis.</p>

<!-- This site is optimized with the Yoast SEO plugin v27.2 - https://yoast.com/product/yoast-seo-wordpress/ -->
<title>BARBARA LEGNOART - L&#039;artisana</title>
<meta name="robots" content="index, follow, max-snippet:-1, max-image-preview:large, max-video-preview:-1" />
<link rel="canonical" href="https://lartisana.vda.it/fr/artisan/legnoart-caratti-barbara/" />
<meta property="og:locale" content="fr_FR" />
<meta property="og:type" content="article" />
<meta property="og:title" content="BARBARA LEGNOART - L&#039;artisana" />
<meta property="og:description" content="Originaire d&#039;Acqui Terme, elle s&#039;est installée dans la Vallée d&#039;Aoste pour réaliser son rêve : apprendre à travailler le bois. Barbara aime le bois depuis son enfance et le travail de ce matériau a toujours été une passion pour elle. En 2021, elle a décidé d&#039;en faire une véritable profession et a donc décidé d&#039;enseigner dans l&#039;atelier d&#039;un maître artisan réputé de la Vallée d&#039;Aoste grâce au cours de Botteghe Scuola. Ce que Barbara aime dans la sculpture, c&#039;est de voir le bois prendre forme : en partant de son imagination, en passant par le bois brut, puis en arrivant aux animaux finis." />
<meta property="og:url" content="https://lartisana.vda.it/fr/artisan/legnoart-caratti-barbara/" />
<meta property="og:site_name" content="L&#039;artisana" />
<meta property="article:modified_time" content="2025-06-05T06:56:59+00:00" />
<meta property="og:image" content="https://lartisana.vda.it/wp-content/uploads/2025/05/CARATTI-per-sito.jpg" />
	<meta property="og:image:width" content="1920" />
	<meta property="og:image:height" content="1920" />
	<meta property="og:image:type" content="image/jpeg" />
<meta name="twitter:card" content="summary_large_image" />
<meta name="twitter:label1" content="Durée de lecture estimée" />
	<meta name="twitter:data1" content="1 minute" />
<script type="application/ld+json" class="yoast-schema-graph">{"@context":"https://schema.org","@graph":[{"@type":"WebPage","@id":"https://lartisana.vda.it/fr/artisan/legnoart-caratti-barbara/","url":"https://lartisana.vda.it/fr/artisan/legnoart-caratti-barbara/","name":"BARBARA LEGNOART - L&#039;artisana","isPartOf":{"@id":"https://lartisana.vda.it/fr/#website"},"primaryImageOfPage":{"@id":"https://lartisana.vda.it/fr/artisan/legnoart-caratti-barbara/#primaryimage"},"image":{"@id":"https://lartisana.vda.it/fr/artisan/legnoart-caratti-barbara/#primaryimage"},"thumbnailUrl":"https://lartisana.vda.it/wp-content/uploads/2025/05/CARATTI-per-sito.jpg","datePublished":"2024-09-04T09:39:32+00:00","dateModified":"2025-06-05T06:56:59+00:00","breadcrumb":{"@id":"https://lartisana.vda.it/fr/artisan/legnoart-caratti-barbara/#breadcrumb"},"inLanguage":"fr-FR","potentialAction":[{"@type":"ReadAction","target":["https://lartisana.vda.it/fr/artisan/legnoart-caratti-barbara/"]}]},{"@type":"ImageObject","inLanguage":"fr-FR","@id":"https://lartisana.vda.it/fr/artisan/legnoart-caratti-barbara/#primaryimage","url":"https://lartisana.vda.it/wp-content/uploads/2025/05/CARATTI-per-sito.jpg","contentUrl":"https://lartisana.vda.it/wp-content/uploads/2025/05/CARATTI-per-sito.jpg","width":1920,"height":1920,"caption":"CARATTI Barbara LegnoArt"},{"@type":"BreadcrumbList","@id":"https://lartisana.vda.it/fr/artisan/legnoart-caratti-barbara/#breadcrumb","itemListElement":[{"@type":"ListItem","position":1,"name":"Home","item":"https://lartisana.vda.it/fr/"},{"@type":"ListItem","position":2,"name":"Artisans","item":"https://lartisana.vda.it/fr/artigiani/"},{"@type":"ListItem","position":3,"name":"BARBARA LEGNOART"}]},{"@type":"WebSite","@id":"https://lartisana.vda.it/fr/#website","url":"https://lartisana.vda.it/fr/","name":"L&#039;artisana","description":"","publisher":{"@id":"https://lartisana.vda.it/fr/#organization"},"potentialAction":[{"@type":"SearchAction","target":{"@type":"EntryPoint","urlTemplate":"https://lartisana.vda.it/fr/?s={search_term_string}"},"query-input":{"@type":"PropertyValueSpecification","valueRequired":true,"valueName":"search_term_string"}}],"inLanguage":"fr-FR"},{"@type":"Organization","@id":"https://lartisana.vda.it/fr/#organization","name":"L'artisana","url":"https://lartisana.vda.it/fr/","logo":{"@type":"ImageObject","inLanguage":"fr-FR","@id":"https://lartisana.vda.it/fr/#/schema/logo/image/","url":"https://lartisana.vda.it/wp-content/uploads/2024/02/Logo-lartisana-new.png","contentUrl":"https://lartisana.vda.it/wp-content/uploads/2024/02/Logo-lartisana-new.png","width":245,"height":70,"caption":"L'artisana"},"image":{"@id":"https://lartisana.vda.it/fr/#/schema/logo/image/"}}]}</script>
<!-- / Yoast SEO plugin. -->

Originaire d'Acqui Terme, elle s'est installée dans la Vallée d'Aoste pour réaliser son rêve : apprendre à travailler le bois. Barbara aime le bois depuis son enfance et le travail de ce matériau a toujours été une passion pour elle. En 2021, elle a décidé d'en faire une véritable profession et a donc décidé d'enseigner dans l'atelier d'un maître artisan réputé de la Vallée d'Aoste grâce au cours de Botteghe Scuola. Ce que Barbara aime dans la sculpture, c'est de voir le bois prendre forme : en partant de son imagination, en passant par le bois brut, puis en arrivant aux animaux finis.
