{"version":"1.0","provider_name":"L&#039;artisana","provider_url":"https:\/\/lartisana.vda.it\/fr\/","author_name":"Michela Agavriloaie","author_url":"https:\/\/lartisana.vda.it\/fr\/author\/3e83bd748d18548e\/","title":"BACAN - CHEILLON Herv\u00e9 - L&#039;artisana","type":"rich","width":600,"height":338,"html":"<blockquote class=\"wp-embedded-content\" data-secret=\"7FDJVXJE5F\"><a href=\"https:\/\/lartisana.vda.it\/fr\/artisan\/bacan-cheillon-herve\/\">BACAN &#8211; CHEILLON Herv\u00e9<\/a><\/blockquote><iframe sandbox=\"allow-scripts\" security=\"restricted\" src=\"https:\/\/lartisana.vda.it\/fr\/artisan\/bacan-cheillon-herve\/embed\/#?secret=7FDJVXJE5F\" width=\"600\" height=\"338\" title=\"\u00ab\u00a0BACAN &#8211; CHEILLON Herv\u00e9\u00a0\u00bb &#8212; L&#039;artisana\" data-secret=\"7FDJVXJE5F\" frameborder=\"0\" marginwidth=\"0\" marginheight=\"0\" scrolling=\"no\" class=\"wp-embedded-content\"><\/iframe><script>\n\/*! This file is auto-generated *\/\n!function(d,l){\"use strict\";l.querySelector&&d.addEventListener&&\"undefined\"!=typeof URL&&(d.wp=d.wp||{},d.wp.receiveEmbedMessage||(d.wp.receiveEmbedMessage=function(e){var t=e.data;if((t||t.secret||t.message||t.value)&&!\/[^a-zA-Z0-9]\/.test(t.secret)){for(var s,r,n,a=l.querySelectorAll('iframe[data-secret=\"'+t.secret+'\"]'),o=l.querySelectorAll('blockquote[data-secret=\"'+t.secret+'\"]'),c=new RegExp(\"^https?:$\",\"i\"),i=0;i<o.length;i++)o[i].style.display=\"none\";for(i=0;i<a.length;i++)s=a[i],e.source===s.contentWindow&&(s.removeAttribute(\"style\"),\"height\"===t.message?(1e3<(r=parseInt(t.value,10))?r=1e3:~~r<200&&(r=200),s.height=r):\"link\"===t.message&&(r=new URL(s.getAttribute(\"src\")),n=new URL(t.value),c.test(n.protocol))&&n.host===r.host&&l.activeElement===s&&(d.top.location.href=t.value))}},d.addEventListener(\"message\",d.wp.receiveEmbedMessage,!1),l.addEventListener(\"DOMContentLoaded\",function(){for(var e,t,s=l.querySelectorAll(\"iframe.wp-embedded-content\"),r=0;r<s.length;r++)(t=(e=s[r]).getAttribute(\"data-secret\"))||(t=Math.random().toString(36).substring(2,12),e.src+=\"#?secret=\"+t,e.setAttribute(\"data-secret\",t)),e.contentWindow.postMessage({message:\"ready\",secret:t},\"*\")},!1)))}(window,document);\n\/\/# sourceURL=https:\/\/lartisana.vda.it\/wp-includes\/js\/wp-embed.min.js\n<\/script>\n","thumbnail_url":"https:\/\/lartisana.vda.it\/wp-content\/uploads\/2025\/03\/sito-bacan-1.jpg","thumbnail_width":1080,"thumbnail_height":1080,"description":"L\u2019entreprise Bacan a \u00e9t\u00e9 fond\u00e9e en 2005 lorsque le titulaire Herv\u00e9 Cheillon d\u00e9cida de transformer en une v\u00e9ritable profession ce qui jusqu\u2019\u00e0 alors ce n\u2019\u00e9tait qu\u2019une passion: le travail du bois. Depuis lors, Bacan se consacre \u00e0 la r\u00e9alisation et \u00e0 la commercialisation de produits en bois qui vont des objets \u00e0 l\u2019artisanat d\u2019art, du mobilier aux compl\u00e9ments d\u2019ameublement. Bien qu\u2019elle se soit engag\u00e9e sur la voie du professionnalisme, la passion qui l\u2019a accompagn\u00e9 n\u2019a pas chang\u00e9 depuis les premi\u00e8res ann\u00e9es: l\u2019amour de la tradition, le soin des d\u00e9tails, l\u2019innovation et la cr\u00e9ativit\u00e9 ont fait gagner \u00e0 sa production une place de choix dans le panorama artisanal local."}

BACAN - CHEILLON Hervé - L&#039;artisana

<blockquote class="wp-embedded-content" data-secret="7FDJVXJE5F"><a href="https://lartisana.vda.it/fr/artisan/bacan-cheillon-herve/">BACAN &#8211; CHEILLON Hervé</a></blockquote><iframe sandbox="allow-scripts" security="restricted" src="https://lartisana.vda.it/fr/artisan/bacan-cheillon-herve/embed/#?secret=7FDJVXJE5F" width="600" height="338" title="« BACAN &#8211; CHEILLON Hervé » &#8212; L&#039;artisana" data-secret="7FDJVXJE5F" frameborder="0" marginwidth="0" marginheight="0" scrolling="no" class="wp-embedded-content"></iframe><script>
/*! This file is auto-generated */
!function(d,l){"use strict";l.querySelector&&d.addEventListener&&"undefined"!=typeof URL&&(d.wp=d.wp||{},d.wp.receiveEmbedMessage||(d.wp.receiveEmbedMessage=function(e){var t=e.data;if((t||t.secret||t.message||t.value)&&!/[^a-zA-Z0-9]/.test(t.secret)){for(var s,r,n,a=l.querySelectorAll('iframe[data-secret="'+t.secret+'"]'),o=l.querySelectorAll('blockquote[data-secret="'+t.secret+'"]'),c=new RegExp("^https?:$","i"),i=0;i<o.length;i++)o[i].style.display="none";for(i=0;i<a.length;i++)s=a[i],e.source===s.contentWindow&&(s.removeAttribute("style"),"height"===t.message?(1e3<(r=parseInt(t.value,10))?r=1e3:~~r<200&&(r=200),s.height=r):"link"===t.message&&(r=new URL(s.getAttribute("src")),n=new URL(t.value),c.test(n.protocol))&&n.host===r.host&&l.activeElement===s&&(d.top.location.href=t.value))}},d.addEventListener("message",d.wp.receiveEmbedMessage,!1),l.addEventListener("DOMContentLoaded",function(){for(var e,t,s=l.querySelectorAll("iframe.wp-embedded-content"),r=0;r<s.length;r++)(t=(e=s[r]).getAttribute("data-secret"))||(t=Math.random().toString(36).substring(2,12),e.src+="#?secret="+t,e.setAttribute("data-secret",t)),e.contentWindow.postMessage({message:"ready",secret:t},"*")},!1)))}(window,document);
//# sourceURL=https://lartisana.vda.it/wp-includes/js/wp-embed.min.js
</script>

L’entreprise Bacan a été fondée en 2005 lorsque le titulaire Hervé Cheillon décida de transformer en une véritable profession ce qui jusqu’à alors ce n’était qu’une passion: le travail du bois. Depuis lors, Bacan se consacre à la réalisation et à la commercialisation de produits en bois qui vont des objets à l’artisanat d’art, du mobilier aux compléments d’ameublement. Bien qu’elle se soit engagée sur la voie du professionnalisme, la passion qui l’a accompagné n’a pas changé depuis les premières années: l’amour de la tradition, le soin des détails, l’innovation et la créativité ont fait gagner à sa production une place de choix dans le panorama artisanal local.
